{"id":15506,"date":"2025-12-01T16:58:05","date_gmt":"2025-12-01T15:58:05","guid":{"rendered":"https:\/\/www.rebersrl.it\/trasformare\/presse-a-pates-electrique-450-w\/"},"modified":"2025-12-01T16:58:05","modified_gmt":"2025-12-01T15:58:05","slug":"presse-a-pates-electrique-450-w","status":"publish","type":"trasformare","link":"https:\/\/www.rebersrl.it\/fr\/transformation\/presse-a-pates-electrique-450-w\/","title":{"rendered":"Presse \u00e0 p\u00e2tes \u00e9lectrique 450 W"},"content":{"rendered":"<p>Moteur \u00e0 induction \u00e9lectrique avec protection thermique non r\u00e9armable &#8211; R\u00e9ducteur axial avec engrenages en m\u00e9tal et nylon renforc\u00e9s de fibres de carbone dans un bain d&rsquo;huile &#8211; Huile de type \u00ab longue dur\u00e9e \u00bb adapt\u00e9e au contact alimentaire accidentel et ne n\u00e9cessitant ni appoint ni remplacement &#8211; Corps en aluminium de qualit\u00e9 alimentaire ; h\u00e9lice et fili\u00e8res en r\u00e9sine ac\u00e9tal haute r\u00e9sistance pour usage alimentaire &#8211; Fourni avec 12 fili\u00e8res pour spaghetti, bucatini, tagliatelles, macaroni, pappardelles, pasta alla chitarra, passatelli.<\/p>\n","protected":false},"featured_media":0,"template":"","meta":{"_acf_changed":false},"brand":[455],"famiglia-prodotto":[492],"sottogruppo":[467],"tipologia-trasformare":[422],"class_list":["post-15506","trasformare","type-trasformare","status-publish","hentry","brand-reber","famiglia-prodotto-domestico-fr","sottogruppo-elettrico-fr","tipologia-trasformare-trefile-pate"],"acf":[],"yoast_head":"<!-- This site is optimized with the Yoast SEO plugin v27.4 - https:\/\/yoast.com\/product\/yoast-seo-wordpress\/ -->\n<title>Presse \u00e0 p\u00e2tes - 450 W - Reber Srl<\/title>\n<meta name=\"description\" content=\"Presse \u00e0 p\u00e2tes \u00e9lectrique avec 12 matrices incluses, pour spaghettis, macaronis, bucatini, tagliatelles, pappardelles...\" \/>\n<meta name=\"robots\" content=\"index, follow, max-snippet:-1, max-image-preview:large, max-video-preview:-1\" \/>\n<link rel=\"canonical\" href=\"https:\/\/www.rebersrl.it\/fr\/transformation\/presse-a-pates-electrique-450-w\/\" \/>\n<meta property=\"og:locale\" content=\"fr_FR\" \/>\n<meta property=\"og:type\" content=\"article\" \/>\n<meta property=\"og:title\" content=\"Presse \u00e0 p\u00e2tes - 450 W - Reber Srl\" \/>\n<meta property=\"og:description\" content=\"Presse \u00e0 p\u00e2tes \u00e9lectrique avec 12 matrices incluses, pour spaghettis, macaronis, bucatini, tagliatelles, pappardelles...\" \/>\n<meta property=\"og:url\" content=\"https:\/\/www.rebersrl.it\/fr\/transformation\/presse-a-pates-electrique-450-w\/\" \/>\n<meta property=\"og:site_name\" content=\"Reber Srl\" \/>\n<meta property=\"og:image\" content=\"https:\/\/www.rebersrl.it\/wp-content\/uploads\/2025\/07\/Immagine-PNG-2.png\" \/>\n\t<meta property=\"og:image:width\" content=\"1536\" \/>\n\t<meta property=\"og:image:height\" content=\"1024\" \/>\n\t<meta property=\"og:image:type\" content=\"image\/png\" \/>\n<meta name=\"twitter:card\" content=\"summary_large_image\" \/>\n<script type=\"application\/ld+json\" class=\"yoast-schema-graph\">{\"@context\":\"https:\\\/\\\/schema.org\",\"@graph\":[{\"@type\":\"WebPage\",\"@id\":\"https:\\\/\\\/www.rebersrl.it\\\/fr\\\/transformation\\\/presse-a-pates-electrique-450-w\\\/\",\"url\":\"https:\\\/\\\/www.rebersrl.it\\\/fr\\\/transformation\\\/presse-a-pates-electrique-450-w\\\/\",\"name\":\"Presse \u00e0 p\u00e2tes - 450 W - Reber Srl\",\"isPartOf\":{\"@id\":\"https:\\\/\\\/www.rebersrl.it\\\/fr\\\/#website\"},\"datePublished\":\"2025-12-01T15:58:05+00:00\",\"description\":\"Presse \u00e0 p\u00e2tes \u00e9lectrique avec 12 matrices incluses, pour spaghettis, macaronis, bucatini, tagliatelles, pappardelles...\",\"breadcrumb\":{\"@id\":\"https:\\\/\\\/www.rebersrl.it\\\/fr\\\/transformation\\\/presse-a-pates-electrique-450-w\\\/#breadcrumb\"},\"inLanguage\":\"fr-FR\",\"potentialAction\":[{\"@type\":\"ReadAction\",\"target\":[\"https:\\\/\\\/www.rebersrl.it\\\/fr\\\/transformation\\\/presse-a-pates-electrique-450-w\\\/\"]}]},{\"@type\":\"BreadcrumbList\",\"@id\":\"https:\\\/\\\/www.rebersrl.it\\\/fr\\\/transformation\\\/presse-a-pates-electrique-450-w\\\/#breadcrumb\",\"itemListElement\":[{\"@type\":\"ListItem\",\"position\":1,\"name\":\"Home\",\"item\":\"https:\\\/\\\/www.rebersrl.it\\\/fr\\\/\"},{\"@type\":\"ListItem\",\"position\":2,\"name\":\"Transformation\",\"item\":\"https:\\\/\\\/www.rebersrl.it\\\/fr\\\/transformation\\\/\"},{\"@type\":\"ListItem\",\"position\":3,\"name\":\"Presse \u00e0 p\u00e2tes \u00e9lectrique 450 W\"}]},{\"@type\":\"WebSite\",\"@id\":\"https:\\\/\\\/www.rebersrl.it\\\/fr\\\/#website\",\"url\":\"https:\\\/\\\/www.rebersrl.it\\\/fr\\\/\",\"name\":\"Reber Srl\",\"description\":\"Elettrodomestici casalinghi dal 1964\",\"publisher\":{\"@id\":\"https:\\\/\\\/www.rebersrl.it\\\/fr\\\/#organization\"},\"potentialAction\":[{\"@type\":\"SearchAction\",\"target\":{\"@type\":\"EntryPoint\",\"urlTemplate\":\"https:\\\/\\\/www.rebersrl.it\\\/fr\\\/?s={search_term_string}\"},\"query-input\":{\"@type\":\"PropertyValueSpecification\",\"valueRequired\":true,\"valueName\":\"search_term_string\"}}],\"inLanguage\":\"fr-FR\"},{\"@type\":\"Organization\",\"@id\":\"https:\\\/\\\/www.rebersrl.it\\\/fr\\\/#organization\",\"name\":\"Reber srl\",\"url\":\"https:\\\/\\\/www.rebersrl.it\\\/fr\\\/\",\"logo\":{\"@type\":\"ImageObject\",\"inLanguage\":\"fr-FR\",\"@id\":\"https:\\\/\\\/www.rebersrl.it\\\/fr\\\/#\\\/schema\\\/logo\\\/image\\\/\",\"url\":\"https:\\\/\\\/www.rebersrl.it\\\/wp-content\\\/uploads\\\/2025\\\/10\\\/logo_reber_2025.png\",\"contentUrl\":\"https:\\\/\\\/www.rebersrl.it\\\/wp-content\\\/uploads\\\/2025\\\/10\\\/logo_reber_2025.png\",\"width\":600,\"height\":365,\"caption\":\"Reber srl\"},\"image\":{\"@id\":\"https:\\\/\\\/www.rebersrl.it\\\/fr\\\/#\\\/schema\\\/logo\\\/image\\\/\"}}]}<\/script>\n<!-- \/ Yoast SEO plugin. -->","yoast_head_json":{"title":"Presse \u00e0 p\u00e2tes - 450 W - Reber Srl","description":"Presse \u00e0 p\u00e2tes \u00e9lectrique avec 12 matrices incluses, pour spaghettis, macaronis, bucatini, tagliatelles, pappardelles...","robots":{"index":"index","follow":"follow","max-snippet":"max-snippet:-1","max-image-preview":"max-image-preview:large","max-video-preview":"max-video-preview:-1"},"canonical":"https:\/\/www.rebersrl.it\/fr\/transformation\/presse-a-pates-electrique-450-w\/","og_locale":"fr_FR","og_type":"article","og_title":"Presse \u00e0 p\u00e2tes - 450 W - Reber Srl","og_description":"Presse \u00e0 p\u00e2tes \u00e9lectrique avec 12 matrices incluses, pour spaghettis, macaronis, bucatini, tagliatelles, pappardelles...","og_url":"https:\/\/www.rebersrl.it\/fr\/transformation\/presse-a-pates-electrique-450-w\/","og_site_name":"Reber Srl","og_image":[{"width":1536,"height":1024,"type":"image\/png","url":"https:\/\/www.rebersrl.it\/wp-content\/uploads\/2025\/07\/Immagine-PNG-2.png"}],"twitter_card":"summary_large_image","schema":{"@context":"https:\/\/schema.org","@graph":[{"@type":"WebPage","@id":"https:\/\/www.rebersrl.it\/fr\/transformation\/presse-a-pates-electrique-450-w\/","url":"https:\/\/www.rebersrl.it\/fr\/transformation\/presse-a-pates-electrique-450-w\/","name":"Presse \u00e0 p\u00e2tes - 450 W - Reber Srl","isPartOf":{"@id":"https:\/\/www.rebersrl.it\/fr\/#website"},"datePublished":"2025-12-01T15:58:05+00:00","description":"Presse \u00e0 p\u00e2tes \u00e9lectrique avec 12 matrices incluses, pour spaghettis, macaronis, bucatini, tagliatelles, pappardelles...","breadcrumb":{"@id":"https:\/\/www.rebersrl.it\/fr\/transformation\/presse-a-pates-electrique-450-w\/#breadcrumb"},"inLanguage":"fr-FR","potentialAction":[{"@type":"ReadAction","target":["https:\/\/www.rebersrl.it\/fr\/transformation\/presse-a-pates-electrique-450-w\/"]}]},{"@type":"BreadcrumbList","@id":"https:\/\/www.rebersrl.it\/fr\/transformation\/presse-a-pates-electrique-450-w\/#breadcrumb","itemListElement":[{"@type":"ListItem","position":1,"name":"Home","item":"https:\/\/www.rebersrl.it\/fr\/"},{"@type":"ListItem","position":2,"name":"Transformation","item":"https:\/\/www.rebersrl.it\/fr\/transformation\/"},{"@type":"ListItem","position":3,"name":"Presse \u00e0 p\u00e2tes \u00e9lectrique 450 W"}]},{"@type":"WebSite","@id":"https:\/\/www.rebersrl.it\/fr\/#website","url":"https:\/\/www.rebersrl.it\/fr\/","name":"Reber Srl","description":"Elettrodomestici casalinghi dal 1964","publisher":{"@id":"https:\/\/www.rebersrl.it\/fr\/#organization"},"potentialAction":[{"@type":"SearchAction","target":{"@type":"EntryPoint","urlTemplate":"https:\/\/www.rebersrl.it\/fr\/?s={search_term_string}"},"query-input":{"@type":"PropertyValueSpecification","valueRequired":true,"valueName":"search_term_string"}}],"inLanguage":"fr-FR"},{"@type":"Organization","@id":"https:\/\/www.rebersrl.it\/fr\/#organization","name":"Reber srl","url":"https:\/\/www.rebersrl.it\/fr\/","logo":{"@type":"ImageObject","inLanguage":"fr-FR","@id":"https:\/\/www.rebersrl.it\/fr\/#\/schema\/logo\/image\/","url":"https:\/\/www.rebersrl.it\/wp-content\/uploads\/2025\/10\/logo_reber_2025.png","contentUrl":"https:\/\/www.rebersrl.it\/wp-content\/uploads\/2025\/10\/logo_reber_2025.png","width":600,"height":365,"caption":"Reber srl"},"image":{"@id":"https:\/\/www.rebersrl.it\/fr\/#\/schema\/logo\/image\/"}}]}},"_links":{"self":[{"href":"https:\/\/www.rebersrl.it\/fr\/wp-json\/wp\/v2\/trasformare\/15506","targetHints":{"allow":["GET"]}}],"collection":[{"href":"https:\/\/www.rebersrl.it\/fr\/wp-json\/wp\/v2\/trasformare"}],"about":[{"href":"https:\/\/www.rebersrl.it\/fr\/wp-json\/wp\/v2\/types\/trasformare"}],"wp:attachment":[{"href":"https:\/\/www.rebersrl.it\/fr\/wp-json\/wp\/v2\/media?parent=15506"}],"wp:term":[{"taxonomy":"brand","embeddable":true,"href":"https:\/\/www.rebersrl.it\/fr\/wp-json\/wp\/v2\/brand?post=15506"},{"taxonomy":"famiglia-prodotto","embeddable":true,"href":"https:\/\/www.rebersrl.it\/fr\/wp-json\/wp\/v2\/famiglia-prodotto?post=15506"},{"taxonomy":"sottogruppo","embeddable":true,"href":"https:\/\/www.rebersrl.it\/fr\/wp-json\/wp\/v2\/sottogruppo?post=15506"},{"taxonomy":"tipologia-trasformare","embeddable":true,"href":"https:\/\/www.rebersrl.it\/fr\/wp-json\/wp\/v2\/tipologia-trasformare?post=15506"}],"curies":[{"name":"wp","href":"https:\/\/api.w.org\/{rel}","templated":true}]}}

Presse à pâtes électrique 450 W

<p>Moteur à induction électrique avec protection thermique non réarmable &#8211; Réducteur axial avec engrenages en métal et nylon renforcés de fibres de carbone dans un bain d&rsquo;huile &#8211; Huile de type « longue durée » adaptée au contact alimentaire accidentel et ne nécessitant ni appoint ni remplacement &#8211; Corps en aluminium de qualité alimentaire ; hélice et filières en résine acétal haute résistance pour usage alimentaire &#8211; Fourni avec 12 filières pour spaghetti, bucatini, tagliatelles, macaroni, pappardelles, pasta alla chitarra, passatelli.</p>

<!-- This site is optimized with the Yoast SEO plugin v27.4 - https://yoast.com/product/yoast-seo-wordpress/ -->
<title>Presse à pâtes - 450 W - Reber Srl</title>
<meta name="description" content="Presse à pâtes électrique avec 12 matrices incluses, pour spaghettis, macaronis, bucatini, tagliatelles, pappardelles..." />
<meta name="robots" content="index, follow, max-snippet:-1, max-image-preview:large, max-video-preview:-1" />
<link rel="canonical" href="https://www.rebersrl.it/fr/transformation/presse-a-pates-electrique-450-w/" />
<meta property="og:locale" content="fr_FR" />
<meta property="og:type" content="article" />
<meta property="og:title" content="Presse à pâtes - 450 W - Reber Srl" />
<meta property="og:description" content="Presse à pâtes électrique avec 12 matrices incluses, pour spaghettis, macaronis, bucatini, tagliatelles, pappardelles..." />
<meta property="og:url" content="https://www.rebersrl.it/fr/transformation/presse-a-pates-electrique-450-w/" />
<meta property="og:site_name" content="Reber Srl" />
<meta property="og:image" content="https://www.rebersrl.it/wp-content/uploads/2025/07/Immagine-PNG-2.png" />
	<meta property="og:image:width" content="1536" />
	<meta property="og:image:height" content="1024" />
	<meta property="og:image:type" content="image/png" />
<meta name="twitter:card" content="summary_large_image" />
<script type="application/ld+json" class="yoast-schema-graph">{"@context":"https:\/\/schema.org","@graph":[{"@type":"WebPage","@id":"https:\/\/www.rebersrl.it\/fr\/transformation\/presse-a-pates-electrique-450-w\/","url":"https:\/\/www.rebersrl.it\/fr\/transformation\/presse-a-pates-electrique-450-w\/","name":"Presse à pâtes - 450 W - Reber Srl","isPartOf":{"@id":"https:\/\/www.rebersrl.it\/fr\/#website"},"datePublished":"2025-12-01T15:58:05+00:00","description":"Presse à pâtes électrique avec 12 matrices incluses, pour spaghettis, macaronis, bucatini, tagliatelles, pappardelles...","breadcrumb":{"@id":"https:\/\/www.rebersrl.it\/fr\/transformation\/presse-a-pates-electrique-450-w\/#breadcrumb"},"inLanguage":"fr-FR","potentialAction":[{"@type":"ReadAction","target":["https:\/\/www.rebersrl.it\/fr\/transformation\/presse-a-pates-electrique-450-w\/"]}]},{"@type":"BreadcrumbList","@id":"https:\/\/www.rebersrl.it\/fr\/transformation\/presse-a-pates-electrique-450-w\/#breadcrumb","itemListElement":[{"@type":"ListItem","position":1,"name":"Home","item":"https:\/\/www.rebersrl.it\/fr\/"},{"@type":"ListItem","position":2,"name":"Transformation","item":"https:\/\/www.rebersrl.it\/fr\/transformation\/"},{"@type":"ListItem","position":3,"name":"Presse à pâtes électrique 450 W"}]},{"@type":"WebSite","@id":"https:\/\/www.rebersrl.it\/fr\/#website","url":"https:\/\/www.rebersrl.it\/fr\/","name":"Reber Srl","description":"Elettrodomestici casalinghi dal 1964","publisher":{"@id":"https:\/\/www.rebersrl.it\/fr\/#organization"},"potentialAction":[{"@type":"SearchAction","target":{"@type":"EntryPoint","urlTemplate":"https:\/\/www.rebersrl.it\/fr\/?s={search_term_string}"},"query-input":{"@type":"PropertyValueSpecification","valueRequired":true,"valueName":"search_term_string"}}],"inLanguage":"fr-FR"},{"@type":"Organization","@id":"https:\/\/www.rebersrl.it\/fr\/#organization","name":"Reber srl","url":"https:\/\/www.rebersrl.it\/fr\/","logo":{"@type":"ImageObject","inLanguage":"fr-FR","@id":"https:\/\/www.rebersrl.it\/fr\/#\/schema\/logo\/image\/","url":"https:\/\/www.rebersrl.it\/wp-content\/uploads\/2025\/10\/logo_reber_2025.png","contentUrl":"https:\/\/www.rebersrl.it\/wp-content\/uploads\/2025\/10\/logo_reber_2025.png","width":600,"height":365,"caption":"Reber srl"},"image":{"@id":"https:\/\/www.rebersrl.it\/fr\/#\/schema\/logo\/image\/"}}]}</script>
<!-- / Yoast SEO plugin. -->

Presse à pâtes - 450 W - Reber Srl

Presse à pâtes électrique avec 12 matrices incluses, pour spaghettis, macaronis, bucatini, tagliatelles, pappardelles...
