{"id":4630,"date":"2025-06-12T11:10:24","date_gmt":"2025-06-12T09:10:24","guid":{"rendered":"https:\/\/www.rebersrl.it\/cucinare\/estrattore-di-succhi-a-bassa-velocita-artus-e01\/"},"modified":"2026-03-03T15:40:58","modified_gmt":"2026-03-03T14:40:58","slug":"estrattore-di-succhi-a-bassa-velocita","status":"publish","type":"cucinare","link":"https:\/\/www.rebersrl.it\/fr\/cuisson\/estrattore-di-succhi-a-bassa-velocita\/","title":{"rendered":"EXTRACTEUR DE JUS \u00c0 BASSE VITESSE"},"content":{"rendered":"<p>Corps et h\u00e9lice de pressage en plastique haute r\u00e9sistance &#8211; Nettoyage ultra simple &#8211; 2 r\u00e9cipients de collecte (jus et pulpe\/d\u00e9chets) &#8211; Moteur \u00e9lectrique \u00e9co\u00e9nerg\u00e9tique 200 Watt &#8211; Interrupteur ON\/OFF avec inversion de marche pour d\u00e9blocage &#8211; Syst\u00e8me d&rsquo;extraction horizontal sans filtre \u00e0 85 tours\/min (la vitesse de rotation effective d\u00e9pend de la consistance du produit trait\u00e9) &#8211; Le syst\u00e8me sans filtre permet d&rsquo;augmenter la vitesse d&rsquo;utilisation sans incorporer d&rsquo;oxyg\u00e8ne dans le produit, \u00e9vitant ainsi l&rsquo;oxydation des nutriments.<\/p>\n","protected":false},"featured_media":4632,"template":"","meta":{"_acf_changed":false},"brand":[453],"famiglia-prodotto":[492],"sottogruppo":[472],"tipologia-cucinare":[449],"class_list":["post-4630","cucinare","type-cucinare","status-publish","has-post-thumbnail","hentry","brand-artus","famiglia-prodotto-domestico-fr","sottogruppo-estrattori-fr","tipologia-cucinare-autre"],"acf":[],"yoast_head":"<!-- This site is optimized with the Yoast SEO plugin v27.4 - https:\/\/yoast.com\/product\/yoast-seo-wordpress\/ -->\n<title>EXTRACTEUR DE JUS \u00c0 BASSE VITESSE - Reber Srl<\/title>\n<meta name=\"robots\" content=\"index, follow, max-snippet:-1, max-image-preview:large, max-video-preview:-1\" \/>\n<link rel=\"canonical\" href=\"https:\/\/www.rebersrl.it\/fr\/cuisson\/estrattore-di-succhi-a-bassa-velocita\/\" \/>\n<meta property=\"og:locale\" content=\"fr_FR\" \/>\n<meta property=\"og:type\" content=\"article\" \/>\n<meta property=\"og:title\" content=\"EXTRACTEUR DE JUS \u00c0 BASSE VITESSE - Reber Srl\" \/>\n<meta property=\"og:description\" content=\"Corps et h\u00e9lice de pressage en plastique haute r\u00e9sistance &#8211; Nettoyage ultra simple &#8211; 2 r\u00e9cipients de collecte (jus et pulpe\/d\u00e9chets) &#8211; Moteur \u00e9lectrique \u00e9co\u00e9nerg\u00e9tique 200 Watt &#8211; Interrupteur ON\/OFF avec inversion de marche pour d\u00e9blocage &#8211; Syst\u00e8me d&rsquo;extraction horizontal sans filtre \u00e0 85 tours\/min (la vitesse de rotation effective d\u00e9pend de la consistance du [&hellip;]\" \/>\n<meta property=\"og:url\" content=\"https:\/\/www.rebersrl.it\/fr\/cuisson\/estrattore-di-succhi-a-bassa-velocita\/\" \/>\n<meta property=\"og:site_name\" content=\"Reber Srl\" \/>\n<meta property=\"article:modified_time\" content=\"2026-03-03T14:40:58+00:00\" \/>\n<meta property=\"og:image\" content=\"https:\/\/www.rebersrl.it\/wp-content\/uploads\/2025\/06\/ARTUS-E01-1-scaled.jpg\" \/>\n\t<meta property=\"og:image:width\" content=\"1999\" \/>\n\t<meta property=\"og:image:height\" content=\"2560\" \/>\n\t<meta property=\"og:image:type\" content=\"image\/jpeg\" \/>\n<meta name=\"twitter:card\" content=\"summary_large_image\" \/>\n<script type=\"application\/ld+json\" class=\"yoast-schema-graph\">{\"@context\":\"https:\\\/\\\/schema.org\",\"@graph\":[{\"@type\":\"WebPage\",\"@id\":\"https:\\\/\\\/www.rebersrl.it\\\/fr\\\/cuisson\\\/estrattore-di-succhi-a-bassa-velocita\\\/\",\"url\":\"https:\\\/\\\/www.rebersrl.it\\\/fr\\\/cuisson\\\/estrattore-di-succhi-a-bassa-velocita\\\/\",\"name\":\"EXTRACTEUR DE JUS \u00c0 BASSE VITESSE - Reber Srl\",\"isPartOf\":{\"@id\":\"https:\\\/\\\/www.rebersrl.it\\\/fr\\\/#website\"},\"primaryImageOfPage\":{\"@id\":\"https:\\\/\\\/www.rebersrl.it\\\/fr\\\/cuisson\\\/estrattore-di-succhi-a-bassa-velocita\\\/#primaryimage\"},\"image\":{\"@id\":\"https:\\\/\\\/www.rebersrl.it\\\/fr\\\/cuisson\\\/estrattore-di-succhi-a-bassa-velocita\\\/#primaryimage\"},\"thumbnailUrl\":\"https:\\\/\\\/www.rebersrl.it\\\/wp-content\\\/uploads\\\/2025\\\/06\\\/ARTUS-E01-1-scaled.jpg\",\"datePublished\":\"2025-06-12T09:10:24+00:00\",\"dateModified\":\"2026-03-03T14:40:58+00:00\",\"breadcrumb\":{\"@id\":\"https:\\\/\\\/www.rebersrl.it\\\/fr\\\/cuisson\\\/estrattore-di-succhi-a-bassa-velocita\\\/#breadcrumb\"},\"inLanguage\":\"fr-FR\",\"potentialAction\":[{\"@type\":\"ReadAction\",\"target\":[\"https:\\\/\\\/www.rebersrl.it\\\/fr\\\/cuisson\\\/estrattore-di-succhi-a-bassa-velocita\\\/\"]}]},{\"@type\":\"ImageObject\",\"inLanguage\":\"fr-FR\",\"@id\":\"https:\\\/\\\/www.rebersrl.it\\\/fr\\\/cuisson\\\/estrattore-di-succhi-a-bassa-velocita\\\/#primaryimage\",\"url\":\"https:\\\/\\\/www.rebersrl.it\\\/wp-content\\\/uploads\\\/2025\\\/06\\\/ARTUS-E01-1-scaled.jpg\",\"contentUrl\":\"https:\\\/\\\/www.rebersrl.it\\\/wp-content\\\/uploads\\\/2025\\\/06\\\/ARTUS-E01-1-scaled.jpg\",\"width\":1999,\"height\":2560},{\"@type\":\"BreadcrumbList\",\"@id\":\"https:\\\/\\\/www.rebersrl.it\\\/fr\\\/cuisson\\\/estrattore-di-succhi-a-bassa-velocita\\\/#breadcrumb\",\"itemListElement\":[{\"@type\":\"ListItem\",\"position\":1,\"name\":\"Home\",\"item\":\"https:\\\/\\\/www.rebersrl.it\\\/fr\\\/\"},{\"@type\":\"ListItem\",\"position\":2,\"name\":\"Cuisson\",\"item\":\"https:\\\/\\\/www.rebersrl.it\\\/fr\\\/cuisson\\\/\"},{\"@type\":\"ListItem\",\"position\":3,\"name\":\"Autre\",\"item\":\"https:\\\/\\\/www.rebersrl.it\\\/fr\\\/types-appareils-cuisine\\\/autre\\\/\"},{\"@type\":\"ListItem\",\"position\":4,\"name\":\"EXTRACTEUR DE JUS \u00c0 BASSE VITESSE\"}]},{\"@type\":\"WebSite\",\"@id\":\"https:\\\/\\\/www.rebersrl.it\\\/fr\\\/#website\",\"url\":\"https:\\\/\\\/www.rebersrl.it\\\/fr\\\/\",\"name\":\"Reber Srl\",\"description\":\"Elettrodomestici casalinghi dal 1964\",\"publisher\":{\"@id\":\"https:\\\/\\\/www.rebersrl.it\\\/fr\\\/#organization\"},\"potentialAction\":[{\"@type\":\"SearchAction\",\"target\":{\"@type\":\"EntryPoint\",\"urlTemplate\":\"https:\\\/\\\/www.rebersrl.it\\\/fr\\\/?s={search_term_string}\"},\"query-input\":{\"@type\":\"PropertyValueSpecification\",\"valueRequired\":true,\"valueName\":\"search_term_string\"}}],\"inLanguage\":\"fr-FR\"},{\"@type\":\"Organization\",\"@id\":\"https:\\\/\\\/www.rebersrl.it\\\/fr\\\/#organization\",\"name\":\"Reber srl\",\"url\":\"https:\\\/\\\/www.rebersrl.it\\\/fr\\\/\",\"logo\":{\"@type\":\"ImageObject\",\"inLanguage\":\"fr-FR\",\"@id\":\"https:\\\/\\\/www.rebersrl.it\\\/fr\\\/#\\\/schema\\\/logo\\\/image\\\/\",\"url\":\"https:\\\/\\\/www.rebersrl.it\\\/wp-content\\\/uploads\\\/2025\\\/10\\\/logo_reber_2025.png\",\"contentUrl\":\"https:\\\/\\\/www.rebersrl.it\\\/wp-content\\\/uploads\\\/2025\\\/10\\\/logo_reber_2025.png\",\"width\":600,\"height\":365,\"caption\":\"Reber srl\"},\"image\":{\"@id\":\"https:\\\/\\\/www.rebersrl.it\\\/fr\\\/#\\\/schema\\\/logo\\\/image\\\/\"}}]}<\/script>\n<!-- \/ Yoast SEO plugin. -->","yoast_head_json":{"title":"EXTRACTEUR DE JUS \u00c0 BASSE VITESSE - Reber Srl","robots":{"index":"index","follow":"follow","max-snippet":"max-snippet:-1","max-image-preview":"max-image-preview:large","max-video-preview":"max-video-preview:-1"},"canonical":"https:\/\/www.rebersrl.it\/fr\/cuisson\/estrattore-di-succhi-a-bassa-velocita\/","og_locale":"fr_FR","og_type":"article","og_title":"EXTRACTEUR DE JUS \u00c0 BASSE VITESSE - Reber Srl","og_description":"Corps et h\u00e9lice de pressage en plastique haute r\u00e9sistance &#8211; Nettoyage ultra simple &#8211; 2 r\u00e9cipients de collecte (jus et pulpe\/d\u00e9chets) &#8211; Moteur \u00e9lectrique \u00e9co\u00e9nerg\u00e9tique 200 Watt &#8211; Interrupteur ON\/OFF avec inversion de marche pour d\u00e9blocage &#8211; Syst\u00e8me d&rsquo;extraction horizontal sans filtre \u00e0 85 tours\/min (la vitesse de rotation effective d\u00e9pend de la consistance du [&hellip;]","og_url":"https:\/\/www.rebersrl.it\/fr\/cuisson\/estrattore-di-succhi-a-bassa-velocita\/","og_site_name":"Reber Srl","article_modified_time":"2026-03-03T14:40:58+00:00","og_image":[{"width":1999,"height":2560,"type":"image\/jpeg","url":"https:\/\/www.rebersrl.it\/wp-content\/uploads\/2025\/06\/ARTUS-E01-1-scaled.jpg"}],"twitter_card":"summary_large_image","schema":{"@context":"https:\/\/schema.org","@graph":[{"@type":"WebPage","@id":"https:\/\/www.rebersrl.it\/fr\/cuisson\/estrattore-di-succhi-a-bassa-velocita\/","url":"https:\/\/www.rebersrl.it\/fr\/cuisson\/estrattore-di-succhi-a-bassa-velocita\/","name":"EXTRACTEUR DE JUS \u00c0 BASSE VITESSE - Reber Srl","isPartOf":{"@id":"https:\/\/www.rebersrl.it\/fr\/#website"},"primaryImageOfPage":{"@id":"https:\/\/www.rebersrl.it\/fr\/cuisson\/estrattore-di-succhi-a-bassa-velocita\/#primaryimage"},"image":{"@id":"https:\/\/www.rebersrl.it\/fr\/cuisson\/estrattore-di-succhi-a-bassa-velocita\/#primaryimage"},"thumbnailUrl":"https:\/\/www.rebersrl.it\/wp-content\/uploads\/2025\/06\/ARTUS-E01-1-scaled.jpg","datePublished":"2025-06-12T09:10:24+00:00","dateModified":"2026-03-03T14:40:58+00:00","breadcrumb":{"@id":"https:\/\/www.rebersrl.it\/fr\/cuisson\/estrattore-di-succhi-a-bassa-velocita\/#breadcrumb"},"inLanguage":"fr-FR","potentialAction":[{"@type":"ReadAction","target":["https:\/\/www.rebersrl.it\/fr\/cuisson\/estrattore-di-succhi-a-bassa-velocita\/"]}]},{"@type":"ImageObject","inLanguage":"fr-FR","@id":"https:\/\/www.rebersrl.it\/fr\/cuisson\/estrattore-di-succhi-a-bassa-velocita\/#primaryimage","url":"https:\/\/www.rebersrl.it\/wp-content\/uploads\/2025\/06\/ARTUS-E01-1-scaled.jpg","contentUrl":"https:\/\/www.rebersrl.it\/wp-content\/uploads\/2025\/06\/ARTUS-E01-1-scaled.jpg","width":1999,"height":2560},{"@type":"BreadcrumbList","@id":"https:\/\/www.rebersrl.it\/fr\/cuisson\/estrattore-di-succhi-a-bassa-velocita\/#breadcrumb","itemListElement":[{"@type":"ListItem","position":1,"name":"Home","item":"https:\/\/www.rebersrl.it\/fr\/"},{"@type":"ListItem","position":2,"name":"Cuisson","item":"https:\/\/www.rebersrl.it\/fr\/cuisson\/"},{"@type":"ListItem","position":3,"name":"Autre","item":"https:\/\/www.rebersrl.it\/fr\/types-appareils-cuisine\/autre\/"},{"@type":"ListItem","position":4,"name":"EXTRACTEUR DE JUS \u00c0 BASSE VITESSE"}]},{"@type":"WebSite","@id":"https:\/\/www.rebersrl.it\/fr\/#website","url":"https:\/\/www.rebersrl.it\/fr\/","name":"Reber Srl","description":"Elettrodomestici casalinghi dal 1964","publisher":{"@id":"https:\/\/www.rebersrl.it\/fr\/#organization"},"potentialAction":[{"@type":"SearchAction","target":{"@type":"EntryPoint","urlTemplate":"https:\/\/www.rebersrl.it\/fr\/?s={search_term_string}"},"query-input":{"@type":"PropertyValueSpecification","valueRequired":true,"valueName":"search_term_string"}}],"inLanguage":"fr-FR"},{"@type":"Organization","@id":"https:\/\/www.rebersrl.it\/fr\/#organization","name":"Reber srl","url":"https:\/\/www.rebersrl.it\/fr\/","logo":{"@type":"ImageObject","inLanguage":"fr-FR","@id":"https:\/\/www.rebersrl.it\/fr\/#\/schema\/logo\/image\/","url":"https:\/\/www.rebersrl.it\/wp-content\/uploads\/2025\/10\/logo_reber_2025.png","contentUrl":"https:\/\/www.rebersrl.it\/wp-content\/uploads\/2025\/10\/logo_reber_2025.png","width":600,"height":365,"caption":"Reber srl"},"image":{"@id":"https:\/\/www.rebersrl.it\/fr\/#\/schema\/logo\/image\/"}}]}},"_links":{"self":[{"href":"https:\/\/www.rebersrl.it\/fr\/wp-json\/wp\/v2\/cucinare\/4630","targetHints":{"allow":["GET"]}}],"collection":[{"href":"https:\/\/www.rebersrl.it\/fr\/wp-json\/wp\/v2\/cucinare"}],"about":[{"href":"https:\/\/www.rebersrl.it\/fr\/wp-json\/wp\/v2\/types\/cucinare"}],"wp:featuredmedia":[{"embeddable":true,"href":"https:\/\/www.rebersrl.it\/fr\/wp-json\/wp\/v2\/media\/4632"}],"wp:attachment":[{"href":"https:\/\/www.rebersrl.it\/fr\/wp-json\/wp\/v2\/media?parent=4630"}],"wp:term":[{"taxonomy":"brand","embeddable":true,"href":"https:\/\/www.rebersrl.it\/fr\/wp-json\/wp\/v2\/brand?post=4630"},{"taxonomy":"famiglia-prodotto","embeddable":true,"href":"https:\/\/www.rebersrl.it\/fr\/wp-json\/wp\/v2\/famiglia-prodotto?post=4630"},{"taxonomy":"sottogruppo","embeddable":true,"href":"https:\/\/www.rebersrl.it\/fr\/wp-json\/wp\/v2\/sottogruppo?post=4630"},{"taxonomy":"tipologia-cucinare","embeddable":true,"href":"https:\/\/www.rebersrl.it\/fr\/wp-json\/wp\/v2\/tipologia-cucinare?post=4630"}],"curies":[{"name":"wp","href":"https:\/\/api.w.org\/{rel}","templated":true}]}}

EXTRACTEUR DE JUS À BASSE VITESSE

<p>Corps et hélice de pressage en plastique haute résistance &#8211; Nettoyage ultra simple &#8211; 2 récipients de collecte (jus et pulpe/déchets) &#8211; Moteur électrique écoénergétique 200 Watt &#8211; Interrupteur ON/OFF avec inversion de marche pour déblocage &#8211; Système d&rsquo;extraction horizontal sans filtre à 85 tours/min (la vitesse de rotation effective dépend de la consistance du produit traité) &#8211; Le système sans filtre permet d&rsquo;augmenter la vitesse d&rsquo;utilisation sans incorporer d&rsquo;oxygène dans le produit, évitant ainsi l&rsquo;oxydation des nutriments.</p>

<!-- This site is optimized with the Yoast SEO plugin v27.4 - https://yoast.com/product/yoast-seo-wordpress/ -->
<title>EXTRACTEUR DE JUS À BASSE VITESSE - Reber Srl</title>
<meta name="robots" content="index, follow, max-snippet:-1, max-image-preview:large, max-video-preview:-1" />
<link rel="canonical" href="https://www.rebersrl.it/fr/cuisson/estrattore-di-succhi-a-bassa-velocita/" />
<meta property="og:locale" content="fr_FR" />
<meta property="og:type" content="article" />
<meta property="og:title" content="EXTRACTEUR DE JUS À BASSE VITESSE - Reber Srl" />
<meta property="og:description" content="Corps et hélice de pressage en plastique haute résistance &#8211; Nettoyage ultra simple &#8211; 2 récipients de collecte (jus et pulpe/déchets) &#8211; Moteur électrique écoénergétique 200 Watt &#8211; Interrupteur ON/OFF avec inversion de marche pour déblocage &#8211; Système d&rsquo;extraction horizontal sans filtre à 85 tours/min (la vitesse de rotation effective dépend de la consistance du [&hellip;]" />
<meta property="og:url" content="https://www.rebersrl.it/fr/cuisson/estrattore-di-succhi-a-bassa-velocita/" />
<meta property="og:site_name" content="Reber Srl" />
<meta property="article:modified_time" content="2026-03-03T14:40:58+00:00" />
<meta property="og:image" content="https://www.rebersrl.it/wp-content/uploads/2025/06/ARTUS-E01-1-scaled.jpg" />
	<meta property="og:image:width" content="1999" />
	<meta property="og:image:height" content="2560" />
	<meta property="og:image:type" content="image/jpeg" />
<meta name="twitter:card" content="summary_large_image" />
<script type="application/ld+json" class="yoast-schema-graph">{"@context":"https:\/\/schema.org","@graph":[{"@type":"WebPage","@id":"https:\/\/www.rebersrl.it\/fr\/cuisson\/estrattore-di-succhi-a-bassa-velocita\/","url":"https:\/\/www.rebersrl.it\/fr\/cuisson\/estrattore-di-succhi-a-bassa-velocita\/","name":"EXTRACTEUR DE JUS À BASSE VITESSE - Reber Srl","isPartOf":{"@id":"https:\/\/www.rebersrl.it\/fr\/#website"},"primaryImageOfPage":{"@id":"https:\/\/www.rebersrl.it\/fr\/cuisson\/estrattore-di-succhi-a-bassa-velocita\/#primaryimage"},"image":{"@id":"https:\/\/www.rebersrl.it\/fr\/cuisson\/estrattore-di-succhi-a-bassa-velocita\/#primaryimage"},"thumbnailUrl":"https:\/\/www.rebersrl.it\/wp-content\/uploads\/2025\/06\/ARTUS-E01-1-scaled.jpg","datePublished":"2025-06-12T09:10:24+00:00","dateModified":"2026-03-03T14:40:58+00:00","breadcrumb":{"@id":"https:\/\/www.rebersrl.it\/fr\/cuisson\/estrattore-di-succhi-a-bassa-velocita\/#breadcrumb"},"inLanguage":"fr-FR","potentialAction":[{"@type":"ReadAction","target":["https:\/\/www.rebersrl.it\/fr\/cuisson\/estrattore-di-succhi-a-bassa-velocita\/"]}]},{"@type":"ImageObject","inLanguage":"fr-FR","@id":"https:\/\/www.rebersrl.it\/fr\/cuisson\/estrattore-di-succhi-a-bassa-velocita\/#primaryimage","url":"https:\/\/www.rebersrl.it\/wp-content\/uploads\/2025\/06\/ARTUS-E01-1-scaled.jpg","contentUrl":"https:\/\/www.rebersrl.it\/wp-content\/uploads\/2025\/06\/ARTUS-E01-1-scaled.jpg","width":1999,"height":2560},{"@type":"BreadcrumbList","@id":"https:\/\/www.rebersrl.it\/fr\/cuisson\/estrattore-di-succhi-a-bassa-velocita\/#breadcrumb","itemListElement":[{"@type":"ListItem","position":1,"name":"Home","item":"https:\/\/www.rebersrl.it\/fr\/"},{"@type":"ListItem","position":2,"name":"Cuisson","item":"https:\/\/www.rebersrl.it\/fr\/cuisson\/"},{"@type":"ListItem","position":3,"name":"Autre","item":"https:\/\/www.rebersrl.it\/fr\/types-appareils-cuisine\/autre\/"},{"@type":"ListItem","position":4,"name":"EXTRACTEUR DE JUS À BASSE VITESSE"}]},{"@type":"WebSite","@id":"https:\/\/www.rebersrl.it\/fr\/#website","url":"https:\/\/www.rebersrl.it\/fr\/","name":"Reber Srl","description":"Elettrodomestici casalinghi dal 1964","publisher":{"@id":"https:\/\/www.rebersrl.it\/fr\/#organization"},"potentialAction":[{"@type":"SearchAction","target":{"@type":"EntryPoint","urlTemplate":"https:\/\/www.rebersrl.it\/fr\/?s={search_term_string}"},"query-input":{"@type":"PropertyValueSpecification","valueRequired":true,"valueName":"search_term_string"}}],"inLanguage":"fr-FR"},{"@type":"Organization","@id":"https:\/\/www.rebersrl.it\/fr\/#organization","name":"Reber srl","url":"https:\/\/www.rebersrl.it\/fr\/","logo":{"@type":"ImageObject","inLanguage":"fr-FR","@id":"https:\/\/www.rebersrl.it\/fr\/#\/schema\/logo\/image\/","url":"https:\/\/www.rebersrl.it\/wp-content\/uploads\/2025\/10\/logo_reber_2025.png","contentUrl":"https:\/\/www.rebersrl.it\/wp-content\/uploads\/2025\/10\/logo_reber_2025.png","width":600,"height":365,"caption":"Reber srl"},"image":{"@id":"https:\/\/www.rebersrl.it\/fr\/#\/schema\/logo\/image\/"}}]}</script>
<!-- / Yoast SEO plugin. -->

EXTRACTEUR DE JUS À BASSE VITESSE - Reber Srl

Corps et hélice de pressage en plastique haute résistance &#8211; Nettoyage ultra simple &#8211; 2 récipients de collecte (jus et pulpe/déchets) &#8211; Moteur électrique écoénergétique 200 Watt &#8211; Interrupteur ON/OFF avec inversion de marche pour déblocage &#8211; Système d&rsquo;extraction horizontal sans filtre à 85 tours/min (la vitesse de rotation effective dépend de la consistance du [&hellip;]
