{"id":4485,"date":"2025-06-12T11:10:25","date_gmt":"2025-06-12T09:10:25","guid":{"rendered":"https:\/\/www.rebersrl.it\/cucinare\/turbogrill-pro-sistema-cottura-cm-53x55x42-assemblato-9752-n\/"},"modified":"2026-03-04T07:31:32","modified_gmt":"2026-03-04T06:31:32","slug":"turbogrill-pro","status":"publish","type":"cucinare","link":"https:\/\/www.rebersrl.it\/fr\/cuisson\/turbogrill-pro\/","title":{"rendered":"TURBOGRILL PRO &#8211; Syst\u00e8me de cuisson au gaz ultra-rapide"},"content":{"rendered":"<p>Appareil de cuisson infrarouge ultra-rapide &#8211; Construction en acier inoxydable AISI 430 &#8211; Grille de cuisson en acier inoxydable AISI 304 &#8211; Poign\u00e9e de transport et bac de r\u00e9cup\u00e9ration inclus &#8211; Alimentation en gaz standard 28\/30 mbar &#8211; 37 mbar avec d\u00e9tendeur &#8211; Double br\u00fbleur en c\u00e9ramique micro-perfor\u00e9 d&rsquo;une puissance maximale de 7,8 kW &#8211; Temp\u00e9rature maximale : 850 \u00b0C &#8211; D\u00e9tendeur et tuyau de raccordement non inclus<\/p>\n<p>Produit destin\u00e9 \u00e0 un usage a l&rsquo;ext\u00e9rieur<\/p>\n","protected":false},"featured_media":4487,"template":"","meta":{"_acf_changed":false},"brand":[455],"famiglia-prodotto":[493],"sottogruppo":[475],"tipologia-cucinare":[446],"class_list":["post-4485","cucinare","type-cucinare","status-publish","has-post-thumbnail","hentry","brand-reber","famiglia-prodotto-professionale-fr","sottogruppo-gas-fr","tipologia-cucinare-outils-pour-la-cuisine"],"acf":[],"yoast_head":"<!-- This site is optimized with the Yoast SEO plugin v27.4 - https:\/\/yoast.com\/product\/yoast-seo-wordpress\/ -->\n<title>TURBOGRILL PRO - Syst\u00e8me de cuisson au gaz ultra-rapide - Reber Srl<\/title>\n<meta name=\"robots\" content=\"index, follow, max-snippet:-1, max-image-preview:large, max-video-preview:-1\" \/>\n<link rel=\"canonical\" href=\"https:\/\/www.rebersrl.it\/fr\/cuisson\/turbogrill-pro\/\" \/>\n<meta property=\"og:locale\" content=\"fr_FR\" \/>\n<meta property=\"og:type\" content=\"article\" \/>\n<meta property=\"og:title\" content=\"TURBOGRILL PRO - Syst\u00e8me de cuisson au gaz ultra-rapide - Reber Srl\" \/>\n<meta property=\"og:description\" content=\"Appareil de cuisson infrarouge ultra-rapide &#8211; Construction en acier inoxydable AISI 430 &#8211; Grille de cuisson en acier inoxydable AISI 304 &#8211; Poign\u00e9e de transport et bac de r\u00e9cup\u00e9ration inclus &#8211; Alimentation en gaz standard 28\/30 mbar &#8211; 37 mbar avec d\u00e9tendeur &#8211; Double br\u00fbleur en c\u00e9ramique micro-perfor\u00e9 d&rsquo;une puissance maximale de 7,8 kW &#8211; [&hellip;]\" \/>\n<meta property=\"og:url\" content=\"https:\/\/www.rebersrl.it\/fr\/cuisson\/turbogrill-pro\/\" \/>\n<meta property=\"og:site_name\" content=\"Reber Srl\" \/>\n<meta property=\"article:modified_time\" content=\"2026-03-04T06:31:32+00:00\" \/>\n<meta property=\"og:image\" content=\"https:\/\/www.rebersrl.it\/wp-content\/uploads\/2025\/06\/9752-N-1-scaled.jpg\" \/>\n\t<meta property=\"og:image:width\" content=\"2560\" \/>\n\t<meta property=\"og:image:height\" content=\"2117\" \/>\n\t<meta property=\"og:image:type\" content=\"image\/jpeg\" \/>\n<meta name=\"twitter:card\" content=\"summary_large_image\" \/>\n<script type=\"application\/ld+json\" class=\"yoast-schema-graph\">{\"@context\":\"https:\\\/\\\/schema.org\",\"@graph\":[{\"@type\":\"WebPage\",\"@id\":\"https:\\\/\\\/www.rebersrl.it\\\/fr\\\/cuisson\\\/turbogrill-pro\\\/\",\"url\":\"https:\\\/\\\/www.rebersrl.it\\\/fr\\\/cuisson\\\/turbogrill-pro\\\/\",\"name\":\"TURBOGRILL PRO - Syst\u00e8me de cuisson au gaz ultra-rapide - Reber Srl\",\"isPartOf\":{\"@id\":\"https:\\\/\\\/www.rebersrl.it\\\/fr\\\/#website\"},\"primaryImageOfPage\":{\"@id\":\"https:\\\/\\\/www.rebersrl.it\\\/fr\\\/cuisson\\\/turbogrill-pro\\\/#primaryimage\"},\"image\":{\"@id\":\"https:\\\/\\\/www.rebersrl.it\\\/fr\\\/cuisson\\\/turbogrill-pro\\\/#primaryimage\"},\"thumbnailUrl\":\"https:\\\/\\\/www.rebersrl.it\\\/wp-content\\\/uploads\\\/2025\\\/06\\\/9752-N-1-scaled.jpg\",\"datePublished\":\"2025-06-12T09:10:25+00:00\",\"dateModified\":\"2026-03-04T06:31:32+00:00\",\"breadcrumb\":{\"@id\":\"https:\\\/\\\/www.rebersrl.it\\\/fr\\\/cuisson\\\/turbogrill-pro\\\/#breadcrumb\"},\"inLanguage\":\"fr-FR\",\"potentialAction\":[{\"@type\":\"ReadAction\",\"target\":[\"https:\\\/\\\/www.rebersrl.it\\\/fr\\\/cuisson\\\/turbogrill-pro\\\/\"]}]},{\"@type\":\"ImageObject\",\"inLanguage\":\"fr-FR\",\"@id\":\"https:\\\/\\\/www.rebersrl.it\\\/fr\\\/cuisson\\\/turbogrill-pro\\\/#primaryimage\",\"url\":\"https:\\\/\\\/www.rebersrl.it\\\/wp-content\\\/uploads\\\/2025\\\/06\\\/9752-N-1-scaled.jpg\",\"contentUrl\":\"https:\\\/\\\/www.rebersrl.it\\\/wp-content\\\/uploads\\\/2025\\\/06\\\/9752-N-1-scaled.jpg\",\"width\":2560,\"height\":2117},{\"@type\":\"BreadcrumbList\",\"@id\":\"https:\\\/\\\/www.rebersrl.it\\\/fr\\\/cuisson\\\/turbogrill-pro\\\/#breadcrumb\",\"itemListElement\":[{\"@type\":\"ListItem\",\"position\":1,\"name\":\"Home\",\"item\":\"https:\\\/\\\/www.rebersrl.it\\\/fr\\\/\"},{\"@type\":\"ListItem\",\"position\":2,\"name\":\"Cuisson\",\"item\":\"https:\\\/\\\/www.rebersrl.it\\\/fr\\\/cuisson\\\/\"},{\"@type\":\"ListItem\",\"position\":3,\"name\":\"Outils pour la cuisine\",\"item\":\"https:\\\/\\\/www.rebersrl.it\\\/fr\\\/types-appareils-cuisine\\\/outils-pour-la-cuisine\\\/\"},{\"@type\":\"ListItem\",\"position\":4,\"name\":\"TURBOGRILL PRO &#8211; Syst\u00e8me de cuisson au gaz ultra-rapide\"}]},{\"@type\":\"WebSite\",\"@id\":\"https:\\\/\\\/www.rebersrl.it\\\/fr\\\/#website\",\"url\":\"https:\\\/\\\/www.rebersrl.it\\\/fr\\\/\",\"name\":\"Reber Srl\",\"description\":\"Elettrodomestici casalinghi dal 1964\",\"publisher\":{\"@id\":\"https:\\\/\\\/www.rebersrl.it\\\/fr\\\/#organization\"},\"potentialAction\":[{\"@type\":\"SearchAction\",\"target\":{\"@type\":\"EntryPoint\",\"urlTemplate\":\"https:\\\/\\\/www.rebersrl.it\\\/fr\\\/?s={search_term_string}\"},\"query-input\":{\"@type\":\"PropertyValueSpecification\",\"valueRequired\":true,\"valueName\":\"search_term_string\"}}],\"inLanguage\":\"fr-FR\"},{\"@type\":\"Organization\",\"@id\":\"https:\\\/\\\/www.rebersrl.it\\\/fr\\\/#organization\",\"name\":\"Reber srl\",\"url\":\"https:\\\/\\\/www.rebersrl.it\\\/fr\\\/\",\"logo\":{\"@type\":\"ImageObject\",\"inLanguage\":\"fr-FR\",\"@id\":\"https:\\\/\\\/www.rebersrl.it\\\/fr\\\/#\\\/schema\\\/logo\\\/image\\\/\",\"url\":\"https:\\\/\\\/www.rebersrl.it\\\/wp-content\\\/uploads\\\/2025\\\/10\\\/logo_reber_2025.png\",\"contentUrl\":\"https:\\\/\\\/www.rebersrl.it\\\/wp-content\\\/uploads\\\/2025\\\/10\\\/logo_reber_2025.png\",\"width\":600,\"height\":365,\"caption\":\"Reber srl\"},\"image\":{\"@id\":\"https:\\\/\\\/www.rebersrl.it\\\/fr\\\/#\\\/schema\\\/logo\\\/image\\\/\"}}]}<\/script>\n<!-- \/ Yoast SEO plugin. -->","yoast_head_json":{"title":"TURBOGRILL PRO - Syst\u00e8me de cuisson au gaz ultra-rapide - Reber Srl","robots":{"index":"index","follow":"follow","max-snippet":"max-snippet:-1","max-image-preview":"max-image-preview:large","max-video-preview":"max-video-preview:-1"},"canonical":"https:\/\/www.rebersrl.it\/fr\/cuisson\/turbogrill-pro\/","og_locale":"fr_FR","og_type":"article","og_title":"TURBOGRILL PRO - Syst\u00e8me de cuisson au gaz ultra-rapide - Reber Srl","og_description":"Appareil de cuisson infrarouge ultra-rapide &#8211; Construction en acier inoxydable AISI 430 &#8211; Grille de cuisson en acier inoxydable AISI 304 &#8211; Poign\u00e9e de transport et bac de r\u00e9cup\u00e9ration inclus &#8211; Alimentation en gaz standard 28\/30 mbar &#8211; 37 mbar avec d\u00e9tendeur &#8211; Double br\u00fbleur en c\u00e9ramique micro-perfor\u00e9 d&rsquo;une puissance maximale de 7,8 kW &#8211; [&hellip;]","og_url":"https:\/\/www.rebersrl.it\/fr\/cuisson\/turbogrill-pro\/","og_site_name":"Reber Srl","article_modified_time":"2026-03-04T06:31:32+00:00","og_image":[{"width":2560,"height":2117,"type":"image\/jpeg","url":"https:\/\/www.rebersrl.it\/wp-content\/uploads\/2025\/06\/9752-N-1-scaled.jpg"}],"twitter_card":"summary_large_image","schema":{"@context":"https:\/\/schema.org","@graph":[{"@type":"WebPage","@id":"https:\/\/www.rebersrl.it\/fr\/cuisson\/turbogrill-pro\/","url":"https:\/\/www.rebersrl.it\/fr\/cuisson\/turbogrill-pro\/","name":"TURBOGRILL PRO - Syst\u00e8me de cuisson au gaz ultra-rapide - Reber Srl","isPartOf":{"@id":"https:\/\/www.rebersrl.it\/fr\/#website"},"primaryImageOfPage":{"@id":"https:\/\/www.rebersrl.it\/fr\/cuisson\/turbogrill-pro\/#primaryimage"},"image":{"@id":"https:\/\/www.rebersrl.it\/fr\/cuisson\/turbogrill-pro\/#primaryimage"},"thumbnailUrl":"https:\/\/www.rebersrl.it\/wp-content\/uploads\/2025\/06\/9752-N-1-scaled.jpg","datePublished":"2025-06-12T09:10:25+00:00","dateModified":"2026-03-04T06:31:32+00:00","breadcrumb":{"@id":"https:\/\/www.rebersrl.it\/fr\/cuisson\/turbogrill-pro\/#breadcrumb"},"inLanguage":"fr-FR","potentialAction":[{"@type":"ReadAction","target":["https:\/\/www.rebersrl.it\/fr\/cuisson\/turbogrill-pro\/"]}]},{"@type":"ImageObject","inLanguage":"fr-FR","@id":"https:\/\/www.rebersrl.it\/fr\/cuisson\/turbogrill-pro\/#primaryimage","url":"https:\/\/www.rebersrl.it\/wp-content\/uploads\/2025\/06\/9752-N-1-scaled.jpg","contentUrl":"https:\/\/www.rebersrl.it\/wp-content\/uploads\/2025\/06\/9752-N-1-scaled.jpg","width":2560,"height":2117},{"@type":"BreadcrumbList","@id":"https:\/\/www.rebersrl.it\/fr\/cuisson\/turbogrill-pro\/#breadcrumb","itemListElement":[{"@type":"ListItem","position":1,"name":"Home","item":"https:\/\/www.rebersrl.it\/fr\/"},{"@type":"ListItem","position":2,"name":"Cuisson","item":"https:\/\/www.rebersrl.it\/fr\/cuisson\/"},{"@type":"ListItem","position":3,"name":"Outils pour la cuisine","item":"https:\/\/www.rebersrl.it\/fr\/types-appareils-cuisine\/outils-pour-la-cuisine\/"},{"@type":"ListItem","position":4,"name":"TURBOGRILL PRO &#8211; Syst\u00e8me de cuisson au gaz ultra-rapide"}]},{"@type":"WebSite","@id":"https:\/\/www.rebersrl.it\/fr\/#website","url":"https:\/\/www.rebersrl.it\/fr\/","name":"Reber Srl","description":"Elettrodomestici casalinghi dal 1964","publisher":{"@id":"https:\/\/www.rebersrl.it\/fr\/#organization"},"potentialAction":[{"@type":"SearchAction","target":{"@type":"EntryPoint","urlTemplate":"https:\/\/www.rebersrl.it\/fr\/?s={search_term_string}"},"query-input":{"@type":"PropertyValueSpecification","valueRequired":true,"valueName":"search_term_string"}}],"inLanguage":"fr-FR"},{"@type":"Organization","@id":"https:\/\/www.rebersrl.it\/fr\/#organization","name":"Reber srl","url":"https:\/\/www.rebersrl.it\/fr\/","logo":{"@type":"ImageObject","inLanguage":"fr-FR","@id":"https:\/\/www.rebersrl.it\/fr\/#\/schema\/logo\/image\/","url":"https:\/\/www.rebersrl.it\/wp-content\/uploads\/2025\/10\/logo_reber_2025.png","contentUrl":"https:\/\/www.rebersrl.it\/wp-content\/uploads\/2025\/10\/logo_reber_2025.png","width":600,"height":365,"caption":"Reber srl"},"image":{"@id":"https:\/\/www.rebersrl.it\/fr\/#\/schema\/logo\/image\/"}}]}},"_links":{"self":[{"href":"https:\/\/www.rebersrl.it\/fr\/wp-json\/wp\/v2\/cucinare\/4485","targetHints":{"allow":["GET"]}}],"collection":[{"href":"https:\/\/www.rebersrl.it\/fr\/wp-json\/wp\/v2\/cucinare"}],"about":[{"href":"https:\/\/www.rebersrl.it\/fr\/wp-json\/wp\/v2\/types\/cucinare"}],"wp:featuredmedia":[{"embeddable":true,"href":"https:\/\/www.rebersrl.it\/fr\/wp-json\/wp\/v2\/media\/4487"}],"wp:attachment":[{"href":"https:\/\/www.rebersrl.it\/fr\/wp-json\/wp\/v2\/media?parent=4485"}],"wp:term":[{"taxonomy":"brand","embeddable":true,"href":"https:\/\/www.rebersrl.it\/fr\/wp-json\/wp\/v2\/brand?post=4485"},{"taxonomy":"famiglia-prodotto","embeddable":true,"href":"https:\/\/www.rebersrl.it\/fr\/wp-json\/wp\/v2\/famiglia-prodotto?post=4485"},{"taxonomy":"sottogruppo","embeddable":true,"href":"https:\/\/www.rebersrl.it\/fr\/wp-json\/wp\/v2\/sottogruppo?post=4485"},{"taxonomy":"tipologia-cucinare","embeddable":true,"href":"https:\/\/www.rebersrl.it\/fr\/wp-json\/wp\/v2\/tipologia-cucinare?post=4485"}],"curies":[{"name":"wp","href":"https:\/\/api.w.org\/{rel}","templated":true}]}}

TURBOGRILL PRO &#8211; Système de cuisson au gaz ultra-rapide

<p>Appareil de cuisson infrarouge ultra-rapide &#8211; Construction en acier inoxydable AISI 430 &#8211; Grille de cuisson en acier inoxydable AISI 304 &#8211; Poignée de transport et bac de récupération inclus &#8211; Alimentation en gaz standard 28/30 mbar &#8211; 37 mbar avec détendeur &#8211; Double brûleur en céramique micro-perforé d&rsquo;une puissance maximale de 7,8 kW &#8211; Température maximale : 850 °C &#8211; Détendeur et tuyau de raccordement non inclus</p>
<p>Produit destiné à un usage a l&rsquo;extérieur</p>

<!-- This site is optimized with the Yoast SEO plugin v27.4 - https://yoast.com/product/yoast-seo-wordpress/ -->
<title>TURBOGRILL PRO - Système de cuisson au gaz ultra-rapide - Reber Srl</title>
<meta name="robots" content="index, follow, max-snippet:-1, max-image-preview:large, max-video-preview:-1" />
<link rel="canonical" href="https://www.rebersrl.it/fr/cuisson/turbogrill-pro/" />
<meta property="og:locale" content="fr_FR" />
<meta property="og:type" content="article" />
<meta property="og:title" content="TURBOGRILL PRO - Système de cuisson au gaz ultra-rapide - Reber Srl" />
<meta property="og:description" content="Appareil de cuisson infrarouge ultra-rapide &#8211; Construction en acier inoxydable AISI 430 &#8211; Grille de cuisson en acier inoxydable AISI 304 &#8211; Poignée de transport et bac de récupération inclus &#8211; Alimentation en gaz standard 28/30 mbar &#8211; 37 mbar avec détendeur &#8211; Double brûleur en céramique micro-perforé d&rsquo;une puissance maximale de 7,8 kW &#8211; [&hellip;]" />
<meta property="og:url" content="https://www.rebersrl.it/fr/cuisson/turbogrill-pro/" />
<meta property="og:site_name" content="Reber Srl" />
<meta property="article:modified_time" content="2026-03-04T06:31:32+00:00" />
<meta property="og:image" content="https://www.rebersrl.it/wp-content/uploads/2025/06/9752-N-1-scaled.jpg" />
	<meta property="og:image:width" content="2560" />
	<meta property="og:image:height" content="2117" />
	<meta property="og:image:type" content="image/jpeg" />
<meta name="twitter:card" content="summary_large_image" />
<script type="application/ld+json" class="yoast-schema-graph">{"@context":"https:\/\/schema.org","@graph":[{"@type":"WebPage","@id":"https:\/\/www.rebersrl.it\/fr\/cuisson\/turbogrill-pro\/","url":"https:\/\/www.rebersrl.it\/fr\/cuisson\/turbogrill-pro\/","name":"TURBOGRILL PRO - Système de cuisson au gaz ultra-rapide - Reber Srl","isPartOf":{"@id":"https:\/\/www.rebersrl.it\/fr\/#website"},"primaryImageOfPage":{"@id":"https:\/\/www.rebersrl.it\/fr\/cuisson\/turbogrill-pro\/#primaryimage"},"image":{"@id":"https:\/\/www.rebersrl.it\/fr\/cuisson\/turbogrill-pro\/#primaryimage"},"thumbnailUrl":"https:\/\/www.rebersrl.it\/wp-content\/uploads\/2025\/06\/9752-N-1-scaled.jpg","datePublished":"2025-06-12T09:10:25+00:00","dateModified":"2026-03-04T06:31:32+00:00","breadcrumb":{"@id":"https:\/\/www.rebersrl.it\/fr\/cuisson\/turbogrill-pro\/#breadcrumb"},"inLanguage":"fr-FR","potentialAction":[{"@type":"ReadAction","target":["https:\/\/www.rebersrl.it\/fr\/cuisson\/turbogrill-pro\/"]}]},{"@type":"ImageObject","inLanguage":"fr-FR","@id":"https:\/\/www.rebersrl.it\/fr\/cuisson\/turbogrill-pro\/#primaryimage","url":"https:\/\/www.rebersrl.it\/wp-content\/uploads\/2025\/06\/9752-N-1-scaled.jpg","contentUrl":"https:\/\/www.rebersrl.it\/wp-content\/uploads\/2025\/06\/9752-N-1-scaled.jpg","width":2560,"height":2117},{"@type":"BreadcrumbList","@id":"https:\/\/www.rebersrl.it\/fr\/cuisson\/turbogrill-pro\/#breadcrumb","itemListElement":[{"@type":"ListItem","position":1,"name":"Home","item":"https:\/\/www.rebersrl.it\/fr\/"},{"@type":"ListItem","position":2,"name":"Cuisson","item":"https:\/\/www.rebersrl.it\/fr\/cuisson\/"},{"@type":"ListItem","position":3,"name":"Outils pour la cuisine","item":"https:\/\/www.rebersrl.it\/fr\/types-appareils-cuisine\/outils-pour-la-cuisine\/"},{"@type":"ListItem","position":4,"name":"TURBOGRILL PRO &#8211; Système de cuisson au gaz ultra-rapide"}]},{"@type":"WebSite","@id":"https:\/\/www.rebersrl.it\/fr\/#website","url":"https:\/\/www.rebersrl.it\/fr\/","name":"Reber Srl","description":"Elettrodomestici casalinghi dal 1964","publisher":{"@id":"https:\/\/www.rebersrl.it\/fr\/#organization"},"potentialAction":[{"@type":"SearchAction","target":{"@type":"EntryPoint","urlTemplate":"https:\/\/www.rebersrl.it\/fr\/?s={search_term_string}"},"query-input":{"@type":"PropertyValueSpecification","valueRequired":true,"valueName":"search_term_string"}}],"inLanguage":"fr-FR"},{"@type":"Organization","@id":"https:\/\/www.rebersrl.it\/fr\/#organization","name":"Reber srl","url":"https:\/\/www.rebersrl.it\/fr\/","logo":{"@type":"ImageObject","inLanguage":"fr-FR","@id":"https:\/\/www.rebersrl.it\/fr\/#\/schema\/logo\/image\/","url":"https:\/\/www.rebersrl.it\/wp-content\/uploads\/2025\/10\/logo_reber_2025.png","contentUrl":"https:\/\/www.rebersrl.it\/wp-content\/uploads\/2025\/10\/logo_reber_2025.png","width":600,"height":365,"caption":"Reber srl"},"image":{"@id":"https:\/\/www.rebersrl.it\/fr\/#\/schema\/logo\/image\/"}}]}</script>
<!-- / Yoast SEO plugin. -->

TURBOGRILL PRO - Système de cuisson au gaz ultra-rapide - Reber Srl

Appareil de cuisson infrarouge ultra-rapide &#8211; Construction en acier inoxydable AISI 430 &#8211; Grille de cuisson en acier inoxydable AISI 304 &#8211; Poignée de transport et bac de récupération inclus &#8211; Alimentation en gaz standard 28/30 mbar &#8211; 37 mbar avec détendeur &#8211; Double brûleur en céramique micro-perforé d&rsquo;une puissance maximale de 7,8 kW &#8211; [&hellip;]
