{"id":3774,"date":"2025-06-12T11:10:22","date_gmt":"2025-06-12T09:10:22","guid":{"rendered":"https:\/\/www.rebersrl.it\/conservare\/apparecchio-per-sottovuoto-inox-v-pro-9720-n\/"},"modified":"2026-03-02T13:29:28","modified_gmt":"2026-03-02T12:29:28","slug":"apparecchio-per-sottovuoto-v-pro-inox","status":"publish","type":"conservare","link":"https:\/\/www.rebersrl.it\/fr\/conservation\/apparecchio-per-sottovuoto-v-pro-inox\/","title":{"rendered":"APPARECCHIO PER SOTTOVUOTO V-PRO INOX"},"content":{"rendered":"<p>&#8211; Manom\u00e8tre \u00e0 vide professionnel &#8211; Pompe \u00e0 piston double corps autolubrifiante et sans entretien<br \/>\n&#8211; Double fonction de scellage &#8211; 3 niveaux de scellage disponibles avec fonction de scellage manuel &#8211; Fonction de vide puls\u00e9 pour ajuster manuellement le niveau de vide sans endommager le contenu du sac &#8211; Fonctionnement en cycle continu &#8211; Fonctionnement enti\u00e8rement automatique &#8211; Orifice de ventilation pour la mise sous vide dans les r\u00e9cipients &#8211; Poign\u00e9e de verrouillage du couvercle pour une utilisation mains libres<\/p>\n","protected":false},"featured_media":3776,"parent":0,"template":"","meta":{"_acf_changed":false},"brand":[455],"famiglia-prodotto":[493],"sottogruppo":[467],"tipologia-conservare":[410],"class_list":["post-3774","conservare","type-conservare","status-publish","has-post-thumbnail","hentry","brand-reber","famiglia-prodotto-professionale-fr","sottogruppo-elettrico-fr","tipologia-conservare-sousvide"],"acf":[],"yoast_head":"<!-- This site is optimized with the Yoast SEO plugin v27.4 - https:\/\/yoast.com\/product\/yoast-seo-wordpress\/ -->\n<title>APPARECCHIO PER SOTTOVUOTO V-PRO INOX - Reber Srl<\/title>\n<meta name=\"robots\" content=\"index, follow, max-snippet:-1, max-image-preview:large, max-video-preview:-1\" \/>\n<link rel=\"canonical\" href=\"https:\/\/www.rebersrl.it\/fr\/conservation\/apparecchio-per-sottovuoto-v-pro-inox\/\" \/>\n<meta property=\"og:locale\" content=\"fr_FR\" \/>\n<meta property=\"og:type\" content=\"article\" \/>\n<meta property=\"og:title\" content=\"APPARECCHIO PER SOTTOVUOTO V-PRO INOX - Reber Srl\" \/>\n<meta property=\"og:description\" content=\"&#8211; Manom\u00e8tre \u00e0 vide professionnel &#8211; Pompe \u00e0 piston double corps autolubrifiante et sans entretien &#8211; Double fonction de scellage &#8211; 3 niveaux de scellage disponibles avec fonction de scellage manuel &#8211; Fonction de vide puls\u00e9 pour ajuster manuellement le niveau de vide sans endommager le contenu du sac &#8211; Fonctionnement en cycle continu &#8211; [&hellip;]\" \/>\n<meta property=\"og:url\" content=\"https:\/\/www.rebersrl.it\/fr\/conservation\/apparecchio-per-sottovuoto-v-pro-inox\/\" \/>\n<meta property=\"og:site_name\" content=\"Reber Srl\" \/>\n<meta property=\"article:modified_time\" content=\"2026-03-02T12:29:28+00:00\" \/>\n<meta property=\"og:image\" content=\"https:\/\/www.rebersrl.it\/wp-content\/uploads\/2025\/06\/9720-N-V-PRO.jpg\" \/>\n\t<meta property=\"og:image:width\" content=\"1417\" \/>\n\t<meta property=\"og:image:height\" content=\"1181\" \/>\n\t<meta property=\"og:image:type\" content=\"image\/jpeg\" \/>\n<meta name=\"twitter:card\" content=\"summary_large_image\" \/>\n<script type=\"application\/ld+json\" class=\"yoast-schema-graph\">{\"@context\":\"https:\\\/\\\/schema.org\",\"@graph\":[{\"@type\":\"WebPage\",\"@id\":\"https:\\\/\\\/www.rebersrl.it\\\/fr\\\/conservation\\\/apparecchio-per-sottovuoto-v-pro-inox\\\/\",\"url\":\"https:\\\/\\\/www.rebersrl.it\\\/fr\\\/conservation\\\/apparecchio-per-sottovuoto-v-pro-inox\\\/\",\"name\":\"APPARECCHIO PER SOTTOVUOTO V-PRO INOX - Reber Srl\",\"isPartOf\":{\"@id\":\"https:\\\/\\\/www.rebersrl.it\\\/fr\\\/#website\"},\"primaryImageOfPage\":{\"@id\":\"https:\\\/\\\/www.rebersrl.it\\\/fr\\\/conservation\\\/apparecchio-per-sottovuoto-v-pro-inox\\\/#primaryimage\"},\"image\":{\"@id\":\"https:\\\/\\\/www.rebersrl.it\\\/fr\\\/conservation\\\/apparecchio-per-sottovuoto-v-pro-inox\\\/#primaryimage\"},\"thumbnailUrl\":\"https:\\\/\\\/www.rebersrl.it\\\/wp-content\\\/uploads\\\/2025\\\/06\\\/9720-N-V-PRO.jpg\",\"datePublished\":\"2025-06-12T09:10:22+00:00\",\"dateModified\":\"2026-03-02T12:29:28+00:00\",\"breadcrumb\":{\"@id\":\"https:\\\/\\\/www.rebersrl.it\\\/fr\\\/conservation\\\/apparecchio-per-sottovuoto-v-pro-inox\\\/#breadcrumb\"},\"inLanguage\":\"fr-FR\",\"potentialAction\":[{\"@type\":\"ReadAction\",\"target\":[\"https:\\\/\\\/www.rebersrl.it\\\/fr\\\/conservation\\\/apparecchio-per-sottovuoto-v-pro-inox\\\/\"]}]},{\"@type\":\"ImageObject\",\"inLanguage\":\"fr-FR\",\"@id\":\"https:\\\/\\\/www.rebersrl.it\\\/fr\\\/conservation\\\/apparecchio-per-sottovuoto-v-pro-inox\\\/#primaryimage\",\"url\":\"https:\\\/\\\/www.rebersrl.it\\\/wp-content\\\/uploads\\\/2025\\\/06\\\/9720-N-V-PRO.jpg\",\"contentUrl\":\"https:\\\/\\\/www.rebersrl.it\\\/wp-content\\\/uploads\\\/2025\\\/06\\\/9720-N-V-PRO.jpg\",\"width\":1417,\"height\":1181},{\"@type\":\"BreadcrumbList\",\"@id\":\"https:\\\/\\\/www.rebersrl.it\\\/fr\\\/conservation\\\/apparecchio-per-sottovuoto-v-pro-inox\\\/#breadcrumb\",\"itemListElement\":[{\"@type\":\"ListItem\",\"position\":1,\"name\":\"Home\",\"item\":\"https:\\\/\\\/www.rebersrl.it\\\/fr\\\/\"},{\"@type\":\"ListItem\",\"position\":2,\"name\":\"Conservation\",\"item\":\"https:\\\/\\\/www.rebersrl.it\\\/fr\\\/conservation\\\/\"},{\"@type\":\"ListItem\",\"position\":3,\"name\":\"Sous-vide\",\"item\":\"https:\\\/\\\/www.rebersrl.it\\\/fr\\\/types-conservation-aliments\\\/sousvide\\\/\"},{\"@type\":\"ListItem\",\"position\":4,\"name\":\"APPARECCHIO PER SOTTOVUOTO V-PRO INOX\"}]},{\"@type\":\"WebSite\",\"@id\":\"https:\\\/\\\/www.rebersrl.it\\\/fr\\\/#website\",\"url\":\"https:\\\/\\\/www.rebersrl.it\\\/fr\\\/\",\"name\":\"Reber Srl\",\"description\":\"Elettrodomestici casalinghi dal 1964\",\"publisher\":{\"@id\":\"https:\\\/\\\/www.rebersrl.it\\\/fr\\\/#organization\"},\"potentialAction\":[{\"@type\":\"SearchAction\",\"target\":{\"@type\":\"EntryPoint\",\"urlTemplate\":\"https:\\\/\\\/www.rebersrl.it\\\/fr\\\/?s={search_term_string}\"},\"query-input\":{\"@type\":\"PropertyValueSpecification\",\"valueRequired\":true,\"valueName\":\"search_term_string\"}}],\"inLanguage\":\"fr-FR\"},{\"@type\":\"Organization\",\"@id\":\"https:\\\/\\\/www.rebersrl.it\\\/fr\\\/#organization\",\"name\":\"Reber srl\",\"url\":\"https:\\\/\\\/www.rebersrl.it\\\/fr\\\/\",\"logo\":{\"@type\":\"ImageObject\",\"inLanguage\":\"fr-FR\",\"@id\":\"https:\\\/\\\/www.rebersrl.it\\\/fr\\\/#\\\/schema\\\/logo\\\/image\\\/\",\"url\":\"https:\\\/\\\/www.rebersrl.it\\\/wp-content\\\/uploads\\\/2025\\\/10\\\/logo_reber_2025.png\",\"contentUrl\":\"https:\\\/\\\/www.rebersrl.it\\\/wp-content\\\/uploads\\\/2025\\\/10\\\/logo_reber_2025.png\",\"width\":600,\"height\":365,\"caption\":\"Reber srl\"},\"image\":{\"@id\":\"https:\\\/\\\/www.rebersrl.it\\\/fr\\\/#\\\/schema\\\/logo\\\/image\\\/\"}}]}<\/script>\n<!-- \/ Yoast SEO plugin. -->","yoast_head_json":{"title":"APPARECCHIO PER SOTTOVUOTO V-PRO INOX - Reber Srl","robots":{"index":"index","follow":"follow","max-snippet":"max-snippet:-1","max-image-preview":"max-image-preview:large","max-video-preview":"max-video-preview:-1"},"canonical":"https:\/\/www.rebersrl.it\/fr\/conservation\/apparecchio-per-sottovuoto-v-pro-inox\/","og_locale":"fr_FR","og_type":"article","og_title":"APPARECCHIO PER SOTTOVUOTO V-PRO INOX - Reber Srl","og_description":"&#8211; Manom\u00e8tre \u00e0 vide professionnel &#8211; Pompe \u00e0 piston double corps autolubrifiante et sans entretien &#8211; Double fonction de scellage &#8211; 3 niveaux de scellage disponibles avec fonction de scellage manuel &#8211; Fonction de vide puls\u00e9 pour ajuster manuellement le niveau de vide sans endommager le contenu du sac &#8211; Fonctionnement en cycle continu &#8211; [&hellip;]","og_url":"https:\/\/www.rebersrl.it\/fr\/conservation\/apparecchio-per-sottovuoto-v-pro-inox\/","og_site_name":"Reber Srl","article_modified_time":"2026-03-02T12:29:28+00:00","og_image":[{"width":1417,"height":1181,"type":"image\/jpeg","url":"https:\/\/www.rebersrl.it\/wp-content\/uploads\/2025\/06\/9720-N-V-PRO.jpg"}],"twitter_card":"summary_large_image","schema":{"@context":"https:\/\/schema.org","@graph":[{"@type":"WebPage","@id":"https:\/\/www.rebersrl.it\/fr\/conservation\/apparecchio-per-sottovuoto-v-pro-inox\/","url":"https:\/\/www.rebersrl.it\/fr\/conservation\/apparecchio-per-sottovuoto-v-pro-inox\/","name":"APPARECCHIO PER SOTTOVUOTO V-PRO INOX - Reber Srl","isPartOf":{"@id":"https:\/\/www.rebersrl.it\/fr\/#website"},"primaryImageOfPage":{"@id":"https:\/\/www.rebersrl.it\/fr\/conservation\/apparecchio-per-sottovuoto-v-pro-inox\/#primaryimage"},"image":{"@id":"https:\/\/www.rebersrl.it\/fr\/conservation\/apparecchio-per-sottovuoto-v-pro-inox\/#primaryimage"},"thumbnailUrl":"https:\/\/www.rebersrl.it\/wp-content\/uploads\/2025\/06\/9720-N-V-PRO.jpg","datePublished":"2025-06-12T09:10:22+00:00","dateModified":"2026-03-02T12:29:28+00:00","breadcrumb":{"@id":"https:\/\/www.rebersrl.it\/fr\/conservation\/apparecchio-per-sottovuoto-v-pro-inox\/#breadcrumb"},"inLanguage":"fr-FR","potentialAction":[{"@type":"ReadAction","target":["https:\/\/www.rebersrl.it\/fr\/conservation\/apparecchio-per-sottovuoto-v-pro-inox\/"]}]},{"@type":"ImageObject","inLanguage":"fr-FR","@id":"https:\/\/www.rebersrl.it\/fr\/conservation\/apparecchio-per-sottovuoto-v-pro-inox\/#primaryimage","url":"https:\/\/www.rebersrl.it\/wp-content\/uploads\/2025\/06\/9720-N-V-PRO.jpg","contentUrl":"https:\/\/www.rebersrl.it\/wp-content\/uploads\/2025\/06\/9720-N-V-PRO.jpg","width":1417,"height":1181},{"@type":"BreadcrumbList","@id":"https:\/\/www.rebersrl.it\/fr\/conservation\/apparecchio-per-sottovuoto-v-pro-inox\/#breadcrumb","itemListElement":[{"@type":"ListItem","position":1,"name":"Home","item":"https:\/\/www.rebersrl.it\/fr\/"},{"@type":"ListItem","position":2,"name":"Conservation","item":"https:\/\/www.rebersrl.it\/fr\/conservation\/"},{"@type":"ListItem","position":3,"name":"Sous-vide","item":"https:\/\/www.rebersrl.it\/fr\/types-conservation-aliments\/sousvide\/"},{"@type":"ListItem","position":4,"name":"APPARECCHIO PER SOTTOVUOTO V-PRO INOX"}]},{"@type":"WebSite","@id":"https:\/\/www.rebersrl.it\/fr\/#website","url":"https:\/\/www.rebersrl.it\/fr\/","name":"Reber Srl","description":"Elettrodomestici casalinghi dal 1964","publisher":{"@id":"https:\/\/www.rebersrl.it\/fr\/#organization"},"potentialAction":[{"@type":"SearchAction","target":{"@type":"EntryPoint","urlTemplate":"https:\/\/www.rebersrl.it\/fr\/?s={search_term_string}"},"query-input":{"@type":"PropertyValueSpecification","valueRequired":true,"valueName":"search_term_string"}}],"inLanguage":"fr-FR"},{"@type":"Organization","@id":"https:\/\/www.rebersrl.it\/fr\/#organization","name":"Reber srl","url":"https:\/\/www.rebersrl.it\/fr\/","logo":{"@type":"ImageObject","inLanguage":"fr-FR","@id":"https:\/\/www.rebersrl.it\/fr\/#\/schema\/logo\/image\/","url":"https:\/\/www.rebersrl.it\/wp-content\/uploads\/2025\/10\/logo_reber_2025.png","contentUrl":"https:\/\/www.rebersrl.it\/wp-content\/uploads\/2025\/10\/logo_reber_2025.png","width":600,"height":365,"caption":"Reber srl"},"image":{"@id":"https:\/\/www.rebersrl.it\/fr\/#\/schema\/logo\/image\/"}}]}},"_links":{"self":[{"href":"https:\/\/www.rebersrl.it\/fr\/wp-json\/wp\/v2\/conservare\/3774","targetHints":{"allow":["GET"]}}],"collection":[{"href":"https:\/\/www.rebersrl.it\/fr\/wp-json\/wp\/v2\/conservare"}],"about":[{"href":"https:\/\/www.rebersrl.it\/fr\/wp-json\/wp\/v2\/types\/conservare"}],"wp:featuredmedia":[{"embeddable":true,"href":"https:\/\/www.rebersrl.it\/fr\/wp-json\/wp\/v2\/media\/3776"}],"wp:attachment":[{"href":"https:\/\/www.rebersrl.it\/fr\/wp-json\/wp\/v2\/media?parent=3774"}],"wp:term":[{"taxonomy":"brand","embeddable":true,"href":"https:\/\/www.rebersrl.it\/fr\/wp-json\/wp\/v2\/brand?post=3774"},{"taxonomy":"famiglia-prodotto","embeddable":true,"href":"https:\/\/www.rebersrl.it\/fr\/wp-json\/wp\/v2\/famiglia-prodotto?post=3774"},{"taxonomy":"sottogruppo","embeddable":true,"href":"https:\/\/www.rebersrl.it\/fr\/wp-json\/wp\/v2\/sottogruppo?post=3774"},{"taxonomy":"tipologia-conservare","embeddable":true,"href":"https:\/\/www.rebersrl.it\/fr\/wp-json\/wp\/v2\/tipologia-conservare?post=3774"}],"curies":[{"name":"wp","href":"https:\/\/api.w.org\/{rel}","templated":true}]}}

<p>&#8211; Manomètre à vide professionnel &#8211; Pompe à piston double corps autolubrifiante et sans entretien<br />
&#8211; Double fonction de scellage &#8211; 3 niveaux de scellage disponibles avec fonction de scellage manuel &#8211; Fonction de vide pulsé pour ajuster manuellement le niveau de vide sans endommager le contenu du sac &#8211; Fonctionnement en cycle continu &#8211; Fonctionnement entièrement automatique &#8211; Orifice de ventilation pour la mise sous vide dans les récipients &#8211; Poignée de verrouillage du couvercle pour une utilisation mains libres</p>

<!-- This site is optimized with the Yoast SEO plugin v27.4 - https://yoast.com/product/yoast-seo-wordpress/ -->
<title>APPARECCHIO PER SOTTOVUOTO V-PRO INOX - Reber Srl</title>
<meta name="robots" content="index, follow, max-snippet:-1, max-image-preview:large, max-video-preview:-1" />
<link rel="canonical" href="https://www.rebersrl.it/fr/conservation/apparecchio-per-sottovuoto-v-pro-inox/" />
<meta property="og:locale" content="fr_FR" />
<meta property="og:type" content="article" />
<meta property="og:title" content="APPARECCHIO PER SOTTOVUOTO V-PRO INOX - Reber Srl" />
<meta property="og:description" content="&#8211; Manomètre à vide professionnel &#8211; Pompe à piston double corps autolubrifiante et sans entretien &#8211; Double fonction de scellage &#8211; 3 niveaux de scellage disponibles avec fonction de scellage manuel &#8211; Fonction de vide pulsé pour ajuster manuellement le niveau de vide sans endommager le contenu du sac &#8211; Fonctionnement en cycle continu &#8211; [&hellip;]" />
<meta property="og:url" content="https://www.rebersrl.it/fr/conservation/apparecchio-per-sottovuoto-v-pro-inox/" />
<meta property="og:site_name" content="Reber Srl" />
<meta property="article:modified_time" content="2026-03-02T12:29:28+00:00" />
<meta property="og:image" content="https://www.rebersrl.it/wp-content/uploads/2025/06/9720-N-V-PRO.jpg" />
	<meta property="og:image:width" content="1417" />
	<meta property="og:image:height" content="1181" />
	<meta property="og:image:type" content="image/jpeg" />
<meta name="twitter:card" content="summary_large_image" />
<script type="application/ld+json" class="yoast-schema-graph">{"@context":"https:\/\/schema.org","@graph":[{"@type":"WebPage","@id":"https:\/\/www.rebersrl.it\/fr\/conservation\/apparecchio-per-sottovuoto-v-pro-inox\/","url":"https:\/\/www.rebersrl.it\/fr\/conservation\/apparecchio-per-sottovuoto-v-pro-inox\/","name":"APPARECCHIO PER SOTTOVUOTO V-PRO INOX - Reber Srl","isPartOf":{"@id":"https:\/\/www.rebersrl.it\/fr\/#website"},"primaryImageOfPage":{"@id":"https:\/\/www.rebersrl.it\/fr\/conservation\/apparecchio-per-sottovuoto-v-pro-inox\/#primaryimage"},"image":{"@id":"https:\/\/www.rebersrl.it\/fr\/conservation\/apparecchio-per-sottovuoto-v-pro-inox\/#primaryimage"},"thumbnailUrl":"https:\/\/www.rebersrl.it\/wp-content\/uploads\/2025\/06\/9720-N-V-PRO.jpg","datePublished":"2025-06-12T09:10:22+00:00","dateModified":"2026-03-02T12:29:28+00:00","breadcrumb":{"@id":"https:\/\/www.rebersrl.it\/fr\/conservation\/apparecchio-per-sottovuoto-v-pro-inox\/#breadcrumb"},"inLanguage":"fr-FR","potentialAction":[{"@type":"ReadAction","target":["https:\/\/www.rebersrl.it\/fr\/conservation\/apparecchio-per-sottovuoto-v-pro-inox\/"]}]},{"@type":"ImageObject","inLanguage":"fr-FR","@id":"https:\/\/www.rebersrl.it\/fr\/conservation\/apparecchio-per-sottovuoto-v-pro-inox\/#primaryimage","url":"https:\/\/www.rebersrl.it\/wp-content\/uploads\/2025\/06\/9720-N-V-PRO.jpg","contentUrl":"https:\/\/www.rebersrl.it\/wp-content\/uploads\/2025\/06\/9720-N-V-PRO.jpg","width":1417,"height":1181},{"@type":"BreadcrumbList","@id":"https:\/\/www.rebersrl.it\/fr\/conservation\/apparecchio-per-sottovuoto-v-pro-inox\/#breadcrumb","itemListElement":[{"@type":"ListItem","position":1,"name":"Home","item":"https:\/\/www.rebersrl.it\/fr\/"},{"@type":"ListItem","position":2,"name":"Conservation","item":"https:\/\/www.rebersrl.it\/fr\/conservation\/"},{"@type":"ListItem","position":3,"name":"Sous-vide","item":"https:\/\/www.rebersrl.it\/fr\/types-conservation-aliments\/sousvide\/"},{"@type":"ListItem","position":4,"name":"APPARECCHIO PER SOTTOVUOTO V-PRO INOX"}]},{"@type":"WebSite","@id":"https:\/\/www.rebersrl.it\/fr\/#website","url":"https:\/\/www.rebersrl.it\/fr\/","name":"Reber Srl","description":"Elettrodomestici casalinghi dal 1964","publisher":{"@id":"https:\/\/www.rebersrl.it\/fr\/#organization"},"potentialAction":[{"@type":"SearchAction","target":{"@type":"EntryPoint","urlTemplate":"https:\/\/www.rebersrl.it\/fr\/?s={search_term_string}"},"query-input":{"@type":"PropertyValueSpecification","valueRequired":true,"valueName":"search_term_string"}}],"inLanguage":"fr-FR"},{"@type":"Organization","@id":"https:\/\/www.rebersrl.it\/fr\/#organization","name":"Reber srl","url":"https:\/\/www.rebersrl.it\/fr\/","logo":{"@type":"ImageObject","inLanguage":"fr-FR","@id":"https:\/\/www.rebersrl.it\/fr\/#\/schema\/logo\/image\/","url":"https:\/\/www.rebersrl.it\/wp-content\/uploads\/2025\/10\/logo_reber_2025.png","contentUrl":"https:\/\/www.rebersrl.it\/wp-content\/uploads\/2025\/10\/logo_reber_2025.png","width":600,"height":365,"caption":"Reber srl"},"image":{"@id":"https:\/\/www.rebersrl.it\/fr\/#\/schema\/logo\/image\/"}}]}</script>
<!-- / Yoast SEO plugin. -->

&#8211; Manomètre à vide professionnel &#8211; Pompe à piston double corps autolubrifiante et sans entretien &#8211; Double fonction de scellage &#8211; 3 niveaux de scellage disponibles avec fonction de scellage manuel &#8211; Fonction de vide pulsé pour ajuster manuellement le niveau de vide sans endommager le contenu du sac &#8211; Fonctionnement en cycle continu &#8211; [&hellip;]
