{"id":4621,"date":"2025-06-12T11:10:24","date_gmt":"2025-06-12T09:10:24","guid":{"rendered":"https:\/\/www.rebersrl.it\/cucinare\/essiccatore-digitale-per-alimenti-artus-d03\/"},"modified":"2026-03-03T15:49:33","modified_gmt":"2026-03-03T14:49:33","slug":"essiccatore-digitale-per-alimenti-diam-32-5-scomparti","status":"publish","type":"cucinare","link":"https:\/\/www.rebersrl.it\/de\/kochen\/essiccatore-digitale-per-alimenti-diam-32-5-scomparti\/","title":{"rendered":"DIGITALER LEBENSMITTELTROCKNER Durchmesser 32 &#8211; 5 F\u00c4CHER"},"content":{"rendered":"<p>D\u00f6rrger\u00e4t f\u00fcr Fleisch, Fisch, Obst und Gem\u00fcse \u2013 Digitale Zeiteinstellung bis zu 72 Stunden \u2013 Lufttemperatureinstellung bis zu 70 \u00b0C \u2013 Modulares System mit 5 transparenten F\u00e4chern zur direkten und kontinuierlichen \u00dcberwachung des Trocknungsprozesses \u2013 Durchmesser 32 cm \u2013 H\u00f6he der einzelnen F\u00e4cher 3,3 cm \u2013 Gesamth\u00f6he 16,5 cm \u2013 Energiesparendes Umluftsystem von unten \u2013 Leistungsaufnahme 230\/260 W<\/p>\n","protected":false},"featured_media":4623,"template":"","meta":{"_acf_changed":false},"brand":[454],"famiglia-prodotto":[491],"sottogruppo":[],"tipologia-cucinare":[441],"class_list":["post-4621","cucinare","type-cucinare","status-publish","has-post-thumbnail","hentry","brand-artus","famiglia-prodotto-domestico-de","tipologia-cucinare-trockner"],"acf":[],"yoast_head":"<!-- This site is optimized with the Yoast SEO plugin v27.4 - https:\/\/yoast.com\/product\/yoast-seo-wordpress\/ -->\n<title>DIGITALER LEBENSMITTELTROCKNER Durchmesser 32 - 5 F\u00c4CHER - Reber Srl<\/title>\n<meta name=\"robots\" content=\"index, follow, max-snippet:-1, max-image-preview:large, max-video-preview:-1\" \/>\n<link rel=\"canonical\" href=\"https:\/\/www.rebersrl.it\/de\/kochen\/essiccatore-digitale-per-alimenti-diam-32-5-scomparti\/\" \/>\n<meta property=\"og:locale\" content=\"de_DE\" \/>\n<meta property=\"og:type\" content=\"article\" \/>\n<meta property=\"og:title\" content=\"DIGITALER LEBENSMITTELTROCKNER Durchmesser 32 - 5 F\u00c4CHER - Reber Srl\" \/>\n<meta property=\"og:description\" content=\"D\u00f6rrger\u00e4t f\u00fcr Fleisch, Fisch, Obst und Gem\u00fcse \u2013 Digitale Zeiteinstellung bis zu 72 Stunden \u2013 Lufttemperatureinstellung bis zu 70 \u00b0C \u2013 Modulares System mit 5 transparenten F\u00e4chern zur direkten und kontinuierlichen \u00dcberwachung des Trocknungsprozesses \u2013 Durchmesser 32 cm \u2013 H\u00f6he der einzelnen F\u00e4cher 3,3 cm \u2013 Gesamth\u00f6he 16,5 cm \u2013 Energiesparendes Umluftsystem von unten \u2013 [&hellip;]\" \/>\n<meta property=\"og:url\" content=\"https:\/\/www.rebersrl.it\/de\/kochen\/essiccatore-digitale-per-alimenti-diam-32-5-scomparti\/\" \/>\n<meta property=\"og:site_name\" content=\"Reber Srl\" \/>\n<meta property=\"article:modified_time\" content=\"2026-03-03T14:49:33+00:00\" \/>\n<meta property=\"og:image\" content=\"https:\/\/www.rebersrl.it\/wp-content\/uploads\/2025\/06\/ARTUS-D03-prodotto.jpg\" \/>\n\t<meta property=\"og:image:width\" content=\"500\" \/>\n\t<meta property=\"og:image:height\" content=\"500\" \/>\n\t<meta property=\"og:image:type\" content=\"image\/jpeg\" \/>\n<meta name=\"twitter:card\" content=\"summary_large_image\" \/>\n<script type=\"application\/ld+json\" class=\"yoast-schema-graph\">{\"@context\":\"https:\\\/\\\/schema.org\",\"@graph\":[{\"@type\":\"WebPage\",\"@id\":\"https:\\\/\\\/www.rebersrl.it\\\/de\\\/kochen\\\/essiccatore-digitale-per-alimenti-diam-32-5-scomparti\\\/\",\"url\":\"https:\\\/\\\/www.rebersrl.it\\\/de\\\/kochen\\\/essiccatore-digitale-per-alimenti-diam-32-5-scomparti\\\/\",\"name\":\"DIGITALER LEBENSMITTELTROCKNER Durchmesser 32 - 5 F\u00c4CHER - Reber Srl\",\"isPartOf\":{\"@id\":\"https:\\\/\\\/www.rebersrl.it\\\/de\\\/#website\"},\"primaryImageOfPage\":{\"@id\":\"https:\\\/\\\/www.rebersrl.it\\\/de\\\/kochen\\\/essiccatore-digitale-per-alimenti-diam-32-5-scomparti\\\/#primaryimage\"},\"image\":{\"@id\":\"https:\\\/\\\/www.rebersrl.it\\\/de\\\/kochen\\\/essiccatore-digitale-per-alimenti-diam-32-5-scomparti\\\/#primaryimage\"},\"thumbnailUrl\":\"https:\\\/\\\/www.rebersrl.it\\\/wp-content\\\/uploads\\\/2025\\\/06\\\/ARTUS-D03-prodotto.jpg\",\"datePublished\":\"2025-06-12T09:10:24+00:00\",\"dateModified\":\"2026-03-03T14:49:33+00:00\",\"breadcrumb\":{\"@id\":\"https:\\\/\\\/www.rebersrl.it\\\/de\\\/kochen\\\/essiccatore-digitale-per-alimenti-diam-32-5-scomparti\\\/#breadcrumb\"},\"inLanguage\":\"de\",\"potentialAction\":[{\"@type\":\"ReadAction\",\"target\":[\"https:\\\/\\\/www.rebersrl.it\\\/de\\\/kochen\\\/essiccatore-digitale-per-alimenti-diam-32-5-scomparti\\\/\"]}]},{\"@type\":\"ImageObject\",\"inLanguage\":\"de\",\"@id\":\"https:\\\/\\\/www.rebersrl.it\\\/de\\\/kochen\\\/essiccatore-digitale-per-alimenti-diam-32-5-scomparti\\\/#primaryimage\",\"url\":\"https:\\\/\\\/www.rebersrl.it\\\/wp-content\\\/uploads\\\/2025\\\/06\\\/ARTUS-D03-prodotto.jpg\",\"contentUrl\":\"https:\\\/\\\/www.rebersrl.it\\\/wp-content\\\/uploads\\\/2025\\\/06\\\/ARTUS-D03-prodotto.jpg\",\"width\":500,\"height\":500},{\"@type\":\"BreadcrumbList\",\"@id\":\"https:\\\/\\\/www.rebersrl.it\\\/de\\\/kochen\\\/essiccatore-digitale-per-alimenti-diam-32-5-scomparti\\\/#breadcrumb\",\"itemListElement\":[{\"@type\":\"ListItem\",\"position\":1,\"name\":\"Home\",\"item\":\"https:\\\/\\\/www.rebersrl.it\\\/de\\\/\"},{\"@type\":\"ListItem\",\"position\":2,\"name\":\"Kochen\",\"item\":\"https:\\\/\\\/www.rebersrl.it\\\/de\\\/kochen\\\/\"},{\"@type\":\"ListItem\",\"position\":3,\"name\":\"Trockner\",\"item\":\"https:\\\/\\\/www.rebersrl.it\\\/de\\\/k\u00fcchenger\u00e4tetypen\\\/trockner\\\/\"},{\"@type\":\"ListItem\",\"position\":4,\"name\":\"DIGITALER LEBENSMITTELTROCKNER Durchmesser 32 &#8211; 5 F\u00c4CHER\"}]},{\"@type\":\"WebSite\",\"@id\":\"https:\\\/\\\/www.rebersrl.it\\\/de\\\/#website\",\"url\":\"https:\\\/\\\/www.rebersrl.it\\\/de\\\/\",\"name\":\"Reber Srl\",\"description\":\"Elettrodomestici casalinghi dal 1964\",\"publisher\":{\"@id\":\"https:\\\/\\\/www.rebersrl.it\\\/de\\\/#organization\"},\"potentialAction\":[{\"@type\":\"SearchAction\",\"target\":{\"@type\":\"EntryPoint\",\"urlTemplate\":\"https:\\\/\\\/www.rebersrl.it\\\/de\\\/?s={search_term_string}\"},\"query-input\":{\"@type\":\"PropertyValueSpecification\",\"valueRequired\":true,\"valueName\":\"search_term_string\"}}],\"inLanguage\":\"de\"},{\"@type\":\"Organization\",\"@id\":\"https:\\\/\\\/www.rebersrl.it\\\/de\\\/#organization\",\"name\":\"Reber srl\",\"url\":\"https:\\\/\\\/www.rebersrl.it\\\/de\\\/\",\"logo\":{\"@type\":\"ImageObject\",\"inLanguage\":\"de\",\"@id\":\"https:\\\/\\\/www.rebersrl.it\\\/de\\\/#\\\/schema\\\/logo\\\/image\\\/\",\"url\":\"https:\\\/\\\/www.rebersrl.it\\\/wp-content\\\/uploads\\\/2025\\\/10\\\/logo_reber_2025.png\",\"contentUrl\":\"https:\\\/\\\/www.rebersrl.it\\\/wp-content\\\/uploads\\\/2025\\\/10\\\/logo_reber_2025.png\",\"width\":600,\"height\":365,\"caption\":\"Reber srl\"},\"image\":{\"@id\":\"https:\\\/\\\/www.rebersrl.it\\\/de\\\/#\\\/schema\\\/logo\\\/image\\\/\"}}]}<\/script>\n<!-- \/ Yoast SEO plugin. -->","yoast_head_json":{"title":"DIGITALER LEBENSMITTELTROCKNER Durchmesser 32 - 5 F\u00c4CHER - Reber Srl","robots":{"index":"index","follow":"follow","max-snippet":"max-snippet:-1","max-image-preview":"max-image-preview:large","max-video-preview":"max-video-preview:-1"},"canonical":"https:\/\/www.rebersrl.it\/de\/kochen\/essiccatore-digitale-per-alimenti-diam-32-5-scomparti\/","og_locale":"de_DE","og_type":"article","og_title":"DIGITALER LEBENSMITTELTROCKNER Durchmesser 32 - 5 F\u00c4CHER - Reber Srl","og_description":"D\u00f6rrger\u00e4t f\u00fcr Fleisch, Fisch, Obst und Gem\u00fcse \u2013 Digitale Zeiteinstellung bis zu 72 Stunden \u2013 Lufttemperatureinstellung bis zu 70 \u00b0C \u2013 Modulares System mit 5 transparenten F\u00e4chern zur direkten und kontinuierlichen \u00dcberwachung des Trocknungsprozesses \u2013 Durchmesser 32 cm \u2013 H\u00f6he der einzelnen F\u00e4cher 3,3 cm \u2013 Gesamth\u00f6he 16,5 cm \u2013 Energiesparendes Umluftsystem von unten \u2013 [&hellip;]","og_url":"https:\/\/www.rebersrl.it\/de\/kochen\/essiccatore-digitale-per-alimenti-diam-32-5-scomparti\/","og_site_name":"Reber Srl","article_modified_time":"2026-03-03T14:49:33+00:00","og_image":[{"width":500,"height":500,"type":"image\/jpeg","url":"https:\/\/www.rebersrl.it\/wp-content\/uploads\/2025\/06\/ARTUS-D03-prodotto.jpg"}],"twitter_card":"summary_large_image","schema":{"@context":"https:\/\/schema.org","@graph":[{"@type":"WebPage","@id":"https:\/\/www.rebersrl.it\/de\/kochen\/essiccatore-digitale-per-alimenti-diam-32-5-scomparti\/","url":"https:\/\/www.rebersrl.it\/de\/kochen\/essiccatore-digitale-per-alimenti-diam-32-5-scomparti\/","name":"DIGITALER LEBENSMITTELTROCKNER Durchmesser 32 - 5 F\u00c4CHER - Reber Srl","isPartOf":{"@id":"https:\/\/www.rebersrl.it\/de\/#website"},"primaryImageOfPage":{"@id":"https:\/\/www.rebersrl.it\/de\/kochen\/essiccatore-digitale-per-alimenti-diam-32-5-scomparti\/#primaryimage"},"image":{"@id":"https:\/\/www.rebersrl.it\/de\/kochen\/essiccatore-digitale-per-alimenti-diam-32-5-scomparti\/#primaryimage"},"thumbnailUrl":"https:\/\/www.rebersrl.it\/wp-content\/uploads\/2025\/06\/ARTUS-D03-prodotto.jpg","datePublished":"2025-06-12T09:10:24+00:00","dateModified":"2026-03-03T14:49:33+00:00","breadcrumb":{"@id":"https:\/\/www.rebersrl.it\/de\/kochen\/essiccatore-digitale-per-alimenti-diam-32-5-scomparti\/#breadcrumb"},"inLanguage":"de","potentialAction":[{"@type":"ReadAction","target":["https:\/\/www.rebersrl.it\/de\/kochen\/essiccatore-digitale-per-alimenti-diam-32-5-scomparti\/"]}]},{"@type":"ImageObject","inLanguage":"de","@id":"https:\/\/www.rebersrl.it\/de\/kochen\/essiccatore-digitale-per-alimenti-diam-32-5-scomparti\/#primaryimage","url":"https:\/\/www.rebersrl.it\/wp-content\/uploads\/2025\/06\/ARTUS-D03-prodotto.jpg","contentUrl":"https:\/\/www.rebersrl.it\/wp-content\/uploads\/2025\/06\/ARTUS-D03-prodotto.jpg","width":500,"height":500},{"@type":"BreadcrumbList","@id":"https:\/\/www.rebersrl.it\/de\/kochen\/essiccatore-digitale-per-alimenti-diam-32-5-scomparti\/#breadcrumb","itemListElement":[{"@type":"ListItem","position":1,"name":"Home","item":"https:\/\/www.rebersrl.it\/de\/"},{"@type":"ListItem","position":2,"name":"Kochen","item":"https:\/\/www.rebersrl.it\/de\/kochen\/"},{"@type":"ListItem","position":3,"name":"Trockner","item":"https:\/\/www.rebersrl.it\/de\/k\u00fcchenger\u00e4tetypen\/trockner\/"},{"@type":"ListItem","position":4,"name":"DIGITALER LEBENSMITTELTROCKNER Durchmesser 32 &#8211; 5 F\u00c4CHER"}]},{"@type":"WebSite","@id":"https:\/\/www.rebersrl.it\/de\/#website","url":"https:\/\/www.rebersrl.it\/de\/","name":"Reber Srl","description":"Elettrodomestici casalinghi dal 1964","publisher":{"@id":"https:\/\/www.rebersrl.it\/de\/#organization"},"potentialAction":[{"@type":"SearchAction","target":{"@type":"EntryPoint","urlTemplate":"https:\/\/www.rebersrl.it\/de\/?s={search_term_string}"},"query-input":{"@type":"PropertyValueSpecification","valueRequired":true,"valueName":"search_term_string"}}],"inLanguage":"de"},{"@type":"Organization","@id":"https:\/\/www.rebersrl.it\/de\/#organization","name":"Reber srl","url":"https:\/\/www.rebersrl.it\/de\/","logo":{"@type":"ImageObject","inLanguage":"de","@id":"https:\/\/www.rebersrl.it\/de\/#\/schema\/logo\/image\/","url":"https:\/\/www.rebersrl.it\/wp-content\/uploads\/2025\/10\/logo_reber_2025.png","contentUrl":"https:\/\/www.rebersrl.it\/wp-content\/uploads\/2025\/10\/logo_reber_2025.png","width":600,"height":365,"caption":"Reber srl"},"image":{"@id":"https:\/\/www.rebersrl.it\/de\/#\/schema\/logo\/image\/"}}]}},"_links":{"self":[{"href":"https:\/\/www.rebersrl.it\/de\/wp-json\/wp\/v2\/cucinare\/4621","targetHints":{"allow":["GET"]}}],"collection":[{"href":"https:\/\/www.rebersrl.it\/de\/wp-json\/wp\/v2\/cucinare"}],"about":[{"href":"https:\/\/www.rebersrl.it\/de\/wp-json\/wp\/v2\/types\/cucinare"}],"wp:featuredmedia":[{"embeddable":true,"href":"https:\/\/www.rebersrl.it\/de\/wp-json\/wp\/v2\/media\/4623"}],"wp:attachment":[{"href":"https:\/\/www.rebersrl.it\/de\/wp-json\/wp\/v2\/media?parent=4621"}],"wp:term":[{"taxonomy":"brand","embeddable":true,"href":"https:\/\/www.rebersrl.it\/de\/wp-json\/wp\/v2\/brand?post=4621"},{"taxonomy":"famiglia-prodotto","embeddable":true,"href":"https:\/\/www.rebersrl.it\/de\/wp-json\/wp\/v2\/famiglia-prodotto?post=4621"},{"taxonomy":"sottogruppo","embeddable":true,"href":"https:\/\/www.rebersrl.it\/de\/wp-json\/wp\/v2\/sottogruppo?post=4621"},{"taxonomy":"tipologia-cucinare","embeddable":true,"href":"https:\/\/www.rebersrl.it\/de\/wp-json\/wp\/v2\/tipologia-cucinare?post=4621"}],"curies":[{"name":"wp","href":"https:\/\/api.w.org\/{rel}","templated":true}]}}

DIGITALER LEBENSMITTELTROCKNER Durchmesser 32 &#8211; 5 FÄCHER

<p>Dörrgerät für Fleisch, Fisch, Obst und Gemüse – Digitale Zeiteinstellung bis zu 72 Stunden – Lufttemperatureinstellung bis zu 70 °C – Modulares System mit 5 transparenten Fächern zur direkten und kontinuierlichen Überwachung des Trocknungsprozesses – Durchmesser 32 cm – Höhe der einzelnen Fächer 3,3 cm – Gesamthöhe 16,5 cm – Energiesparendes Umluftsystem von unten – Leistungsaufnahme 230/260 W</p>

<!-- This site is optimized with the Yoast SEO plugin v27.4 - https://yoast.com/product/yoast-seo-wordpress/ -->
<title>DIGITALER LEBENSMITTELTROCKNER Durchmesser 32 - 5 FÄCHER - Reber Srl</title>
<meta name="robots" content="index, follow, max-snippet:-1, max-image-preview:large, max-video-preview:-1" />
<link rel="canonical" href="https://www.rebersrl.it/de/kochen/essiccatore-digitale-per-alimenti-diam-32-5-scomparti/" />
<meta property="og:locale" content="de_DE" />
<meta property="og:type" content="article" />
<meta property="og:title" content="DIGITALER LEBENSMITTELTROCKNER Durchmesser 32 - 5 FÄCHER - Reber Srl" />
<meta property="og:description" content="Dörrgerät für Fleisch, Fisch, Obst und Gemüse – Digitale Zeiteinstellung bis zu 72 Stunden – Lufttemperatureinstellung bis zu 70 °C – Modulares System mit 5 transparenten Fächern zur direkten und kontinuierlichen Überwachung des Trocknungsprozesses – Durchmesser 32 cm – Höhe der einzelnen Fächer 3,3 cm – Gesamthöhe 16,5 cm – Energiesparendes Umluftsystem von unten – [&hellip;]" />
<meta property="og:url" content="https://www.rebersrl.it/de/kochen/essiccatore-digitale-per-alimenti-diam-32-5-scomparti/" />
<meta property="og:site_name" content="Reber Srl" />
<meta property="article:modified_time" content="2026-03-03T14:49:33+00:00" />
<meta property="og:image" content="https://www.rebersrl.it/wp-content/uploads/2025/06/ARTUS-D03-prodotto.jpg" />
	<meta property="og:image:width" content="500" />
	<meta property="og:image:height" content="500" />
	<meta property="og:image:type" content="image/jpeg" />
<meta name="twitter:card" content="summary_large_image" />
<script type="application/ld+json" class="yoast-schema-graph">{"@context":"https:\/\/schema.org","@graph":[{"@type":"WebPage","@id":"https:\/\/www.rebersrl.it\/de\/kochen\/essiccatore-digitale-per-alimenti-diam-32-5-scomparti\/","url":"https:\/\/www.rebersrl.it\/de\/kochen\/essiccatore-digitale-per-alimenti-diam-32-5-scomparti\/","name":"DIGITALER LEBENSMITTELTROCKNER Durchmesser 32 - 5 FÄCHER - Reber Srl","isPartOf":{"@id":"https:\/\/www.rebersrl.it\/de\/#website"},"primaryImageOfPage":{"@id":"https:\/\/www.rebersrl.it\/de\/kochen\/essiccatore-digitale-per-alimenti-diam-32-5-scomparti\/#primaryimage"},"image":{"@id":"https:\/\/www.rebersrl.it\/de\/kochen\/essiccatore-digitale-per-alimenti-diam-32-5-scomparti\/#primaryimage"},"thumbnailUrl":"https:\/\/www.rebersrl.it\/wp-content\/uploads\/2025\/06\/ARTUS-D03-prodotto.jpg","datePublished":"2025-06-12T09:10:24+00:00","dateModified":"2026-03-03T14:49:33+00:00","breadcrumb":{"@id":"https:\/\/www.rebersrl.it\/de\/kochen\/essiccatore-digitale-per-alimenti-diam-32-5-scomparti\/#breadcrumb"},"inLanguage":"de","potentialAction":[{"@type":"ReadAction","target":["https:\/\/www.rebersrl.it\/de\/kochen\/essiccatore-digitale-per-alimenti-diam-32-5-scomparti\/"]}]},{"@type":"ImageObject","inLanguage":"de","@id":"https:\/\/www.rebersrl.it\/de\/kochen\/essiccatore-digitale-per-alimenti-diam-32-5-scomparti\/#primaryimage","url":"https:\/\/www.rebersrl.it\/wp-content\/uploads\/2025\/06\/ARTUS-D03-prodotto.jpg","contentUrl":"https:\/\/www.rebersrl.it\/wp-content\/uploads\/2025\/06\/ARTUS-D03-prodotto.jpg","width":500,"height":500},{"@type":"BreadcrumbList","@id":"https:\/\/www.rebersrl.it\/de\/kochen\/essiccatore-digitale-per-alimenti-diam-32-5-scomparti\/#breadcrumb","itemListElement":[{"@type":"ListItem","position":1,"name":"Home","item":"https:\/\/www.rebersrl.it\/de\/"},{"@type":"ListItem","position":2,"name":"Kochen","item":"https:\/\/www.rebersrl.it\/de\/kochen\/"},{"@type":"ListItem","position":3,"name":"Trockner","item":"https:\/\/www.rebersrl.it\/de\/küchengerätetypen\/trockner\/"},{"@type":"ListItem","position":4,"name":"DIGITALER LEBENSMITTELTROCKNER Durchmesser 32 &#8211; 5 FÄCHER"}]},{"@type":"WebSite","@id":"https:\/\/www.rebersrl.it\/de\/#website","url":"https:\/\/www.rebersrl.it\/de\/","name":"Reber Srl","description":"Elettrodomestici casalinghi dal 1964","publisher":{"@id":"https:\/\/www.rebersrl.it\/de\/#organization"},"potentialAction":[{"@type":"SearchAction","target":{"@type":"EntryPoint","urlTemplate":"https:\/\/www.rebersrl.it\/de\/?s={search_term_string}"},"query-input":{"@type":"PropertyValueSpecification","valueRequired":true,"valueName":"search_term_string"}}],"inLanguage":"de"},{"@type":"Organization","@id":"https:\/\/www.rebersrl.it\/de\/#organization","name":"Reber srl","url":"https:\/\/www.rebersrl.it\/de\/","logo":{"@type":"ImageObject","inLanguage":"de","@id":"https:\/\/www.rebersrl.it\/de\/#\/schema\/logo\/image\/","url":"https:\/\/www.rebersrl.it\/wp-content\/uploads\/2025\/10\/logo_reber_2025.png","contentUrl":"https:\/\/www.rebersrl.it\/wp-content\/uploads\/2025\/10\/logo_reber_2025.png","width":600,"height":365,"caption":"Reber srl"},"image":{"@id":"https:\/\/www.rebersrl.it\/de\/#\/schema\/logo\/image\/"}}]}</script>
<!-- / Yoast SEO plugin. -->

DIGITALER LEBENSMITTELTROCKNER Durchmesser 32 - 5 FÄCHER - Reber Srl

Dörrgerät für Fleisch, Fisch, Obst und Gemüse – Digitale Zeiteinstellung bis zu 72 Stunden – Lufttemperatureinstellung bis zu 70 °C – Modulares System mit 5 transparenten Fächern zur direkten und kontinuierlichen Überwachung des Trocknungsprozesses – Durchmesser 32 cm – Höhe der einzelnen Fächer 3,3 cm – Gesamthöhe 16,5 cm – Energiesparendes Umluftsystem von unten – [&hellip;]

https://www.rebersrl.it/de/küchengerätetypen/trockner/
